Last updated on 2025-05-06 21:51:38 CEST.
Flavor | Version | Tinstall | Tcheck | Ttotal | Status | Flags |
---|---|---|---|---|---|---|
r-devel-linux-x86_64-debian-clang | 2.2-0 | 7.14 | 51.83 | 58.97 | NOTE | |
r-devel-linux-x86_64-debian-gcc | 2.2-0 | 5.67 | 40.38 | 46.05 | NOTE | |
r-devel-linux-x86_64-fedora-clang | 2.2-0 | 93.12 | NOTE | |||
r-devel-linux-x86_64-fedora-gcc | 2.2-0 | 89.69 | NOTE | |||
r-devel-windows-x86_64 | 2.2-0 | 11.00 | 67.00 | 78.00 | OK | |
r-patched-linux-x86_64 | 2.2-0 | 7.26 | 50.70 | 57.96 | OK | |
r-release-linux-x86_64 | 2.2-0 | 6.94 | 50.39 | 57.33 | OK | |
r-release-macos-arm64 | 2.2-0 | 37.00 | OK | |||
r-release-macos-x86_64 | 2.2-0 | 62.00 | OK | |||
r-release-windows-x86_64 | 2.2-0 | 11.00 | 67.00 | 78.00 | OK | |
r-oldrel-macos-arm64 | 2.2-0 | 33.00 | OK | |||
r-oldrel-macos-x86_64 | 2.2-0 | 51.00 | OK | |||
r-oldrel-windows-x86_64 | 2.2-0 | 13.00 | 78.00 | 91.00 | OK |
Version: 2.2-0
Check: CRAN incoming feasibility
Result: NOTE
Maintainer: ‘David W. Roberts <droberts@montana.edu>’
No Authors@R field in DESCRIPTION.
Please add one, modifying
Authors@R: person(given = c("David", "W."),
family = "Roberts",
role = c("aut", "cre"),
email = "droberts@montana.edu")
as necessary.
Flavors: r-devel-linux-x86_64-debian-clang, r-devel-linux-x86_64-debian-gcc
Version: 2.2-0
Check: compiled code
Result: NOTE
File ‘coenoflex/libs/coenoflex.so’:
Found no calls to: ‘R_registerRoutines’, ‘R_useDynamicSymbols’
It is good practice to register native routines and to disable symbol
search.
See ‘Writing portable packages’ in the ‘Writing R Extensions’ manual.
Flavors: r-devel-linux-x86_64-fedora-clang, r-devel-linux-x86_64-fedora-gcc