Last updated on 2025-05-05 21:50:58 CEST.
Flavor | Version | Tinstall | Tcheck | Ttotal | Status | Flags |
---|---|---|---|---|---|---|
r-devel-linux-x86_64-debian-clang | 2.0-3 | 16.68 | 64.73 | 81.41 | NOTE | |
r-devel-linux-x86_64-debian-gcc | 2.0-3 | 11.12 | 43.59 | 54.71 | NOTE | |
r-devel-linux-x86_64-fedora-clang | 2.0-3 | 126.15 | OK | |||
r-devel-linux-x86_64-fedora-gcc | 2.0-3 | 121.38 | OK | |||
r-devel-windows-x86_64 | 2.0-3 | 23.00 | 93.00 | 116.00 | OK | |
r-patched-linux-x86_64 | 2.0-3 | 15.21 | 61.10 | 76.31 | OK | |
r-release-linux-x86_64 | 2.0-3 | 13.05 | 60.92 | 73.97 | OK | |
r-release-macos-arm64 | 2.0-3 | 40.00 | OK | |||
r-release-macos-x86_64 | 2.0-3 | 71.00 | OK | |||
r-release-windows-x86_64 | 2.0-3 | 26.00 | 91.00 | 117.00 | OK | |
r-oldrel-macos-arm64 | 2.0-3 | 40.00 | OK | |||
r-oldrel-macos-x86_64 | 2.0-3 | 61.00 | OK | |||
r-oldrel-windows-x86_64 | 2.0-3 | 29.00 | 105.00 | 134.00 | OK |
Version: 2.0-3
Check: CRAN incoming feasibility
Result: NOTE
Maintainer: ‘M. Helena Goncalves <mhgoncal@ualg.pt>’
No Authors@R field in DESCRIPTION.
Please add one, modifying
Authors@R: c(person(given = c("M.", "Helena"),
family = "Goncalves",
role = c("aut", "cre"),
email = "mhgoncal@ualg.pt"),
person(given = c("M.", "Salome"),
family = "Cabral",
role = "aut"),
person(given = c("apart", "from", "a", "set", "of", "Fortran-77", "subroutines", "written", "by", "R."),
family = "Piessens",
role = "aut"),
person(given = "E.",
family = "de Doncker",
role = "aut"),
person(given = c("belonging", "to", "the", "suite"),
family = "\"Quadpack\".",
role = "aut"))
as necessary.
Package CITATION file contains call(s) to old-style personList() or
as.personList(). Please use c() on person objects instead.
Flavors: r-devel-linux-x86_64-debian-clang, r-devel-linux-x86_64-debian-gcc