Last updated on 2025-05-03 12:54:37 CEST.
Flavor | Version | Tinstall | Tcheck | Ttotal | Status | Flags |
---|---|---|---|---|---|---|
r-devel-linux-x86_64-debian-clang | 1.0.5 | 15.98 | 33.21 | 49.19 | NOTE | |
r-devel-linux-x86_64-debian-gcc | 1.0.5 | 11.27 | 25.04 | 36.31 | NOTE | |
r-devel-linux-x86_64-fedora-clang | 1.0.5 | 94.52 | NOTE | |||
r-devel-linux-x86_64-fedora-gcc | 1.0.5 | 83.47 | NOTE | |||
r-devel-windows-x86_64 | 1.0.5 | 20.00 | 67.00 | 87.00 | OK | |
r-patched-linux-x86_64 | 1.0.5 | 15.42 | 31.84 | 47.26 | OK | |
r-release-linux-x86_64 | OK | |||||
r-release-macos-arm64 | 1.0.5 | 27.00 | OK | |||
r-release-macos-x86_64 | 1.0.5 | 52.00 | OK | |||
r-release-windows-x86_64 | 1.0.5 | 23.00 | 68.00 | 91.00 | OK | |
r-oldrel-macos-arm64 | 1.0.5 | 29.00 | OK | |||
r-oldrel-macos-x86_64 | 1.0.5 | 41.00 | OK | |||
r-oldrel-windows-x86_64 | 1.0.5 | 20.00 | 80.00 | 100.00 | OK |
Version: 1.0.5
Check: CRAN incoming feasibility
Result: NOTE
Maintainer: ‘Kaiyin Zhong <kindlychung@gmail.com>’
No Authors@R field in DESCRIPTION.
Please add one, modifying
Authors@R: c(person(given = "Kaiyin",
family = "Zhong",
role = c("aut", "cre"),
email = "kindlychung@gmail.com"),
person(given = "Fan",
family = "Liu",
role = "aut"))
as necessary.
File 'R/collUtils-internal.R' sets .Random.seed.
This is usually neither needed nor wanted.
Found the following \keyword or \concept entries
which likely give several index terms:
File ‘collUtils-package.Rd’:
\keyword{
GWAS
Compound heterozygosity
Genomics
} [TRUNCATED]
Flavors: r-devel-linux-x86_64-debian-clang, r-devel-linux-x86_64-debian-gcc
Version: 1.0.5
Check: compiled code
Result: NOTE
File ‘collUtils/libs/collUtils.so’:
Found no calls to: ‘R_registerRoutines’, ‘R_useDynamicSymbols’
It is good practice to register native routines and to disable symbol
search.
See ‘Writing portable packages’ in the ‘Writing R Extensions’ manual.
Flavors: r-devel-linux-x86_64-fedora-clang, r-devel-linux-x86_64-fedora-gcc