Last updated on 2024-06-17 06:50:13 CEST.
Flavor | Version | Tinstall | Tcheck | Ttotal | Status | Flags |
---|---|---|---|---|---|---|
r-devel-linux-x86_64-debian-clang | 1.0.3 | 45.79 | 43.49 | 89.28 | NOTE | |
r-devel-linux-x86_64-debian-gcc | 1.0.3 | 30.96 | 32.63 | 63.59 | NOTE | |
r-devel-linux-x86_64-fedora-clang | 1.0.3 | 125.54 | NOTE | |||
r-devel-linux-x86_64-fedora-gcc | 1.0.3 | 120.40 | NOTE | |||
r-devel-windows-x86_64 | 1.0.3 | 34.00 | 75.00 | 109.00 | NOTE | |
r-patched-linux-x86_64 | 1.0.3 | 39.48 | 41.79 | 81.27 | NOTE | |
r-release-linux-x86_64 | 1.0.3 | 36.49 | 42.15 | 78.64 | NOTE | |
r-release-macos-arm64 | 1.0.3 | 30.00 | NOTE | |||
r-release-macos-x86_64 | 1.0.3 | 46.00 | NOTE | |||
r-release-windows-x86_64 | 1.0.3 | 34.00 | 74.00 | 108.00 | NOTE | |
r-oldrel-macos-arm64 | 1.0.3 | 36.00 | NOTE | |||
r-oldrel-macos-x86_64 | 1.0.3 | 56.00 | NOTE | |||
r-oldrel-windows-x86_64 | 1.0.3 | 34.00 | 85.00 | 119.00 | NOTE |
Version: 1.0.3
Check: LazyData
Result: NOTE
'LazyData' is specified without a 'data' directory
Flavors: r-devel-linux-x86_64-debian-clang, r-devel-linux-x86_64-debian-gcc, r-devel-linux-x86_64-fedora-clang, r-devel-linux-x86_64-fedora-gcc, r-devel-windows-x86_64, r-patched-linux-x86_64, r-release-linux-x86_64, r-release-macos-arm64, r-release-macos-x86_64, r-release-windows-x86_64, r-oldrel-macos-arm64, r-oldrel-macos-x86_64, r-oldrel-windows-x86_64