Last updated on 2025-07-22 06:49:18 CEST.
Flavor | Version | Tinstall | Tcheck | Ttotal | Status | Flags |
---|---|---|---|---|---|---|
r-devel-linux-x86_64-debian-clang | 0.6.0 | 9.44 | 221.32 | 230.76 | NOTE | |
r-devel-linux-x86_64-debian-gcc | 0.6.0 | 7.22 | 160.73 | 167.95 | NOTE | |
r-devel-linux-x86_64-fedora-clang | 0.6.0 | 366.07 | NOTE | |||
r-devel-linux-x86_64-fedora-gcc | 0.6.0 | 367.92 | NOTE | |||
r-devel-windows-x86_64 | 0.6.0 | 11.00 | 226.00 | 237.00 | NOTE | |
r-patched-linux-x86_64 | 0.6.0 | 9.76 | 212.12 | 221.88 | NOTE | |
r-release-linux-x86_64 | 0.6.0 | 9.81 | 212.20 | 222.01 | NOTE | |
r-release-macos-arm64 | 0.6.0 | 116.00 | NOTE | |||
r-release-macos-x86_64 | 0.6.0 | 187.00 | NOTE | |||
r-release-windows-x86_64 | 0.6.0 | 13.00 | 227.00 | 240.00 | NOTE | |
r-oldrel-macos-arm64 | 0.6.0 | 97.00 | OK | |||
r-oldrel-macos-x86_64 | 0.6.0 | 164.00 | OK | |||
r-oldrel-windows-x86_64 | 0.6.0 | 16.00 | 280.00 | 296.00 | OK |
Version: 0.6.0
Check: DESCRIPTION meta-information
Result: NOTE
Missing dependency on R >= 4.1.0 because package code uses the pipe
|> or function shorthand \(...) syntax added in R 4.1.0.
File(s) using such syntax:
‘compareMCMCs.R’ ‘metrics-addMetrics.R’
Flavors: r-devel-linux-x86_64-debian-clang, r-devel-linux-x86_64-debian-gcc, r-devel-linux-x86_64-fedora-clang, r-devel-linux-x86_64-fedora-gcc, r-devel-windows-x86_64, r-patched-linux-x86_64, r-release-linux-x86_64, r-release-macos-arm64, r-release-macos-x86_64, r-release-windows-x86_64