Last updated on 2025-05-03 21:51:13 CEST.
Flavor | Version | Tinstall | Tcheck | Ttotal | Status | Flags |
---|---|---|---|---|---|---|
r-devel-linux-x86_64-debian-clang | 1.0.8 | 6.94 | 66.36 | 73.30 | NOTE | |
r-devel-linux-x86_64-debian-gcc | 1.0.8 | 4.63 | 46.06 | 50.69 | NOTE | |
r-devel-linux-x86_64-fedora-clang | 1.0.8 | 108.37 | NOTE | |||
r-devel-linux-x86_64-fedora-gcc | 1.0.8 | 110.39 | NOTE | |||
r-devel-windows-x86_64 | 1.0.8 | 9.00 | 90.00 | 99.00 | NOTE | |
r-patched-linux-x86_64 | 1.0.8 | 7.24 | 63.78 | 71.02 | NOTE | |
r-release-linux-x86_64 | NOTE | |||||
r-release-macos-arm64 | 1.0.8 | 31.00 | NOTE | |||
r-release-macos-x86_64 | 1.0.8 | 77.00 | NOTE | |||
r-release-windows-x86_64 | 1.0.8 | 8.00 | 79.00 | 87.00 | NOTE | |
r-oldrel-macos-arm64 | 1.0.8 | 33.00 | NOTE | |||
r-oldrel-macos-x86_64 | 1.0.8 | 49.00 | NOTE | |||
r-oldrel-windows-x86_64 | 1.0.8 | 10.00 | 95.00 | 105.00 | NOTE |
Version: 1.0.8
Check: Rd files
Result: NOTE
checkRd: (-1) glass.Rd:10: Lost braces
10 | \item{item}{factor}{200 levels - which item the measurements came from}
| ^
checkRd: (-1) glass.Rd:11-12: Lost braces
11 | \item{fragment}{factor}{4 levels - which of the four fragments from each item the observations were made
| ^
checkRd: (-1) glass.Rd:13: Lost braces
13 | \item{logNaO}{numeric}{log of sodium concentration to oxygen concentration}
| ^
checkRd: (-1) glass.Rd:14: Lost braces
14 | \item{logMgO}{numeric}{log of magnesium concentration to oxygen concentration}
| ^
checkRd: (-1) glass.Rd:15: Lost braces
15 | \item{logAlO}{numeric}{log of aluminium concentration to oxygen concentration}
| ^
checkRd: (-1) glass.Rd:16: Lost braces
16 | \item{logSiO}{numeric}{log of silicon concentration to oxygen concentration}
| ^
checkRd: (-1) glass.Rd:17: Lost braces
17 | \item{logKO}{numeric}{log of potassium concentration to oxygen concentration}
| ^
checkRd: (-1) glass.Rd:18: Lost braces
18 | \item{logCaO}{numeric}{log of calcium concentration to oxygen concentration}
| ^
checkRd: (-1) glass.Rd:19: Lost braces
19 | \item{logFeO}{numeric}{log of iron concentration to oxygen concentration}
| ^
Flavors: r-devel-linux-x86_64-debian-clang, r-devel-linux-x86_64-debian-gcc, r-devel-linux-x86_64-fedora-clang, r-devel-linux-x86_64-fedora-gcc, r-devel-windows-x86_64, r-patched-linux-x86_64, r-release-linux-x86_64, r-release-macos-arm64, r-release-macos-x86_64, r-release-windows-x86_64, r-oldrel-macos-arm64, r-oldrel-macos-x86_64, r-oldrel-windows-x86_64