Last updated on 2025-05-03 12:54:37 CEST.
Flavor | Version | Tinstall | Tcheck | Ttotal | Status | Flags |
---|---|---|---|---|---|---|
r-devel-linux-x86_64-debian-clang | 1.1.2 | 3.44 | 32.95 | 36.39 | NOTE | |
r-devel-linux-x86_64-debian-gcc | 1.1.2 | 2.54 | 25.65 | 28.19 | NOTE | |
r-devel-linux-x86_64-fedora-clang | 1.1.2 | 58.66 | OK | |||
r-devel-linux-x86_64-fedora-gcc | 1.1.2 | 69.55 | OK | |||
r-devel-windows-x86_64 | 1.1.2 | 5.00 | 54.00 | 59.00 | OK | |
r-patched-linux-x86_64 | 1.1.2 | 3.50 | 32.24 | 35.74 | OK | |
r-release-linux-x86_64 | OK | |||||
r-release-macos-arm64 | 1.1.2 | 36.00 | OK | |||
r-release-macos-x86_64 | 1.1.2 | 55.00 | OK | |||
r-release-windows-x86_64 | 1.1.2 | 6.00 | 54.00 | 60.00 | OK | |
r-oldrel-macos-arm64 | 1.1.2 | 29.00 | OK | |||
r-oldrel-macos-x86_64 | 1.1.2 | 41.00 | OK | |||
r-oldrel-windows-x86_64 | 1.1.2 | 6.00 | 62.00 | 68.00 | OK |
Version: 1.1.2
Check: CRAN incoming feasibility
Result: NOTE
Maintainer: ‘M. A. J. Zondervan-Zwijnenburg <m.zondervan@vilans.nl>’
No Authors@R field in DESCRIPTION.
Please add one, modifying
Authors@R: person(given = c("M.", "A.", "J."),
family = "Zondervan-Zwijnenburg",
role = c("aut", "cre"),
email = "m.zondervan@vilans.nl")
as necessary.
Flavors: r-devel-linux-x86_64-debian-clang, r-devel-linux-x86_64-debian-gcc