Last updated on 2024-06-17 06:50:13 CEST.
Flavor | Version | Tinstall | Tcheck | Ttotal | Status | Flags |
---|---|---|---|---|---|---|
r-devel-linux-x86_64-debian-clang | 0.2 | 2.02 | 27.10 | 29.12 | NOTE | |
r-devel-linux-x86_64-debian-gcc | 0.2 | 1.76 | 20.71 | 22.47 | NOTE | |
r-devel-linux-x86_64-fedora-clang | 0.2 | 37.97 | NOTE | |||
r-devel-linux-x86_64-fedora-gcc | 0.2 | 120.66 | NOTE | |||
r-devel-windows-x86_64 | 0.2 | 3.00 | 42.00 | 45.00 | NOTE | |
r-patched-linux-x86_64 | 0.2 | 1.81 | 26.31 | 28.12 | NOTE | |
r-release-linux-x86_64 | 0.2 | 2.42 | 26.43 | 28.85 | NOTE | |
r-release-macos-arm64 | 0.2 | 37.00 | NOTE | |||
r-release-macos-x86_64 | 0.2 | 69.00 | NOTE | |||
r-release-windows-x86_64 | 0.2 | 3.00 | 41.00 | 44.00 | NOTE | |
r-oldrel-macos-arm64 | 0.2 | 39.00 | NOTE | |||
r-oldrel-macos-x86_64 | 0.2 | 69.00 | NOTE | |||
r-oldrel-windows-x86_64 | 0.2 | 3.00 | 42.00 | 45.00 | NOTE |
Version: 0.2
Check: LazyData
Result: NOTE
'LazyData' is specified without a 'data' directory
Flavors: r-devel-linux-x86_64-debian-clang, r-devel-linux-x86_64-debian-gcc, r-devel-linux-x86_64-fedora-clang, r-devel-linux-x86_64-fedora-gcc, r-devel-windows-x86_64, r-patched-linux-x86_64, r-release-linux-x86_64, r-release-macos-arm64, r-release-macos-x86_64, r-release-windows-x86_64, r-oldrel-macos-arm64, r-oldrel-macos-x86_64, r-oldrel-windows-x86_64