Last updated on 2025-05-03 12:54:37 CEST.
Flavor | Version | Tinstall | Tcheck | Ttotal | Status | Flags |
---|---|---|---|---|---|---|
r-devel-linux-x86_64-debian-clang | 1.1.1 | 2.73 | 41.25 | 43.98 | NOTE | |
r-devel-linux-x86_64-debian-gcc | 1.1.1 | 1.88 | 31.50 | 33.38 | NOTE | |
r-devel-linux-x86_64-fedora-clang | 1.1.1 | 67.69 | OK | |||
r-devel-linux-x86_64-fedora-gcc | 1.1.1 | 64.78 | OK | |||
r-devel-windows-x86_64 | 1.1.1 | 4.00 | 63.00 | 67.00 | NOTE | |
r-patched-linux-x86_64 | 1.1.1 | 2.53 | 39.04 | 41.57 | NOTE | |
r-release-linux-x86_64 | NOTE | |||||
r-release-macos-arm64 | 1.1.1 | 26.00 | OK | |||
r-release-macos-x86_64 | 1.1.1 | 39.00 | OK | |||
r-release-windows-x86_64 | 1.1.1 | 5.00 | 63.00 | 68.00 | NOTE | |
r-oldrel-macos-arm64 | 1.1.1 | 25.00 | OK | |||
r-oldrel-macos-x86_64 | 1.1.1 | 35.00 | OK | |||
r-oldrel-windows-x86_64 | 1.1.1 | 5.00 | 73.00 | 78.00 | OK |
Version: 1.1.1
Check: CRAN incoming feasibility
Result: NOTE
Maintainer: ‘Paolo Vergottini <paolo.vergottini@gmail.com>’
The Description field contains
<arXiv:1604.04173>, Diquigiovanni, Fontana, and Vantini (2021)
<arXiv:2102.06746>, Diquigiovanni, Fontana, and Vantini (2021)
<arXiv:2106.01792>, Solari, and Djordjilovic (2021) <arXiv:2103.00627>.
Please refer to arXiv e-prints via their arXiv DOI <doi:10.48550/arXiv.YYMM.NNNNN>.
Flavors: r-devel-linux-x86_64-debian-clang, r-devel-linux-x86_64-debian-gcc
Version: 1.1.1
Check: Rd cross-references
Result: NOTE
Found the following Rd file(s) with Rd \link{} targets missing package
anchors:
conformal.multidim.full.Rd: future.apply
conformal.multidim.msplit.Rd: future.apply
glmnet.funs.Rd: glmnet
plot_multidim.Rd: ggplot2, gridExtra, hrbrthemes
Please provide package anchors for all Rd \link{} targets not in the
package itself and the base packages.
Flavors: r-devel-linux-x86_64-debian-clang, r-devel-linux-x86_64-debian-gcc, r-devel-windows-x86_64, r-patched-linux-x86_64, r-release-linux-x86_64, r-release-windows-x86_64