Last updated on 2025-05-03 21:51:13 CEST.
Flavor | Version | Tinstall | Tcheck | Ttotal | Status | Flags |
---|---|---|---|---|---|---|
r-devel-linux-x86_64-debian-clang | 0.1.0 | 3.11 | 29.81 | 32.92 | OK | |
r-devel-linux-x86_64-debian-gcc | 0.1.0 | 2.64 | 23.19 | 25.83 | OK | |
r-devel-linux-x86_64-fedora-clang | 0.1.0 | 55.67 | NOTE | |||
r-devel-linux-x86_64-fedora-gcc | 0.1.0 | 50.22 | NOTE | |||
r-devel-windows-x86_64 | 0.1.0 | 5.00 | 54.00 | 59.00 | OK | |
r-patched-linux-x86_64 | 0.1.0 | 3.32 | 28.55 | 31.87 | OK | |
r-release-linux-x86_64 | OK | |||||
r-release-macos-arm64 | 0.1.0 | 21.00 | OK | |||
r-release-macos-x86_64 | 0.1.0 | 45.00 | OK | |||
r-release-windows-x86_64 | 0.1.0 | 7.00 | 54.00 | 61.00 | OK | |
r-oldrel-macos-arm64 | 0.1.0 | 22.00 | OK | |||
r-oldrel-macos-x86_64 | 0.1.0 | 30.00 | OK | |||
r-oldrel-windows-x86_64 | 0.1.0 | 7.00 | 61.00 | 68.00 | OK |
Version: 0.1.0
Check: dependencies in R code
Result: NOTE
Namespaces in Imports field not imported from:
‘DT’ ‘Hmisc’ ‘dplyr’ ‘foreign’ ‘lavaan’ ‘openxlsx’ ‘purrr’ ‘semTools’
‘shinyWidgets’ ‘stringr’ ‘summarytools’ ‘waiter’
All declared Imports should be used.
Flavors: r-devel-linux-x86_64-fedora-clang, r-devel-linux-x86_64-fedora-gcc