CRAN Package Check Results for Package contsurvplot

Last updated on 2025-05-03 12:54:38 CEST.

Flavor Version Tinstall Tcheck Ttotal Status Flags
r-devel-linux-x86_64-debian-clang 0.2.1 7.26 439.17 446.43 NOTE
r-devel-linux-x86_64-debian-gcc 0.2.1 4.35 303.39 307.74 NOTE
r-devel-linux-x86_64-fedora-clang 0.2.1 715.55 OK
r-devel-linux-x86_64-fedora-gcc 0.2.1 671.66 OK
r-devel-windows-x86_64 0.2.1 8.00 434.00 442.00 NOTE
r-patched-linux-x86_64 0.2.1 7.58 387.82 395.40 NOTE
r-release-linux-x86_64 NOTE
r-release-macos-arm64 0.2.1 197.00 OK
r-release-macos-x86_64 0.2.1 381.00 OK
r-release-windows-x86_64 0.2.1 10.00 432.00 442.00 NOTE
r-oldrel-macos-arm64 0.2.1 221.00 OK
r-oldrel-macos-x86_64 0.2.1 272.00 OK
r-oldrel-windows-x86_64 0.2.1 11.00 560.00 571.00 OK

Check Details

Version: 0.2.1
Check: Rd cross-references
Result: NOTE Found the following Rd file(s) with Rd \link{} targets missing package anchors: curve_cont.Rd: riskRegression plot_surv_3Dsurface.Rd: riskRegression plot_surv_animated.Rd: riskRegression, facet_wrap plot_surv_area.Rd: riskRegression, facet_wrap plot_surv_at_t.Rd: riskRegression, facet_wrap plot_surv_contour.Rd: riskRegression, ggplot2, facet_wrap plot_surv_heatmap.Rd: riskRegression, facet_wrap plot_surv_lines.Rd: riskRegression, facet_wrap plot_surv_matrix.Rd: riskRegression, facet_wrap plot_surv_quantiles.Rd: riskRegression, facet_wrap plot_surv_rmst.Rd: riskRegression, facet_wrap plot_surv_rmtl.Rd: riskRegression, facet_wrap Please provide package anchors for all Rd \link{} targets not in the package itself and the base packages. Flavors: r-devel-linux-x86_64-debian-clang, r-devel-linux-x86_64-debian-gcc, r-devel-windows-x86_64, r-patched-linux-x86_64, r-release-linux-x86_64, r-release-windows-x86_64