Last updated on 2025-05-04 03:50:50 CEST.
Flavor | Version | Tinstall | Tcheck | Ttotal | Status | Flags |
---|---|---|---|---|---|---|
r-devel-linux-x86_64-debian-clang | 0.6-3 | 5.44 | 34.62 | 40.06 | NOTE | |
r-devel-linux-x86_64-debian-gcc | 0.6-3 | 4.57 | 29.19 | 33.76 | NOTE | |
r-devel-linux-x86_64-fedora-clang | 0.6-3 | 61.99 | OK | |||
r-devel-linux-x86_64-fedora-gcc | 0.6-3 | 78.27 | OK | |||
r-devel-windows-x86_64 | 0.6-3 | 11.00 | 95.00 | 106.00 | OK | |
r-patched-linux-x86_64 | 0.6-3 | 5.66 | 32.68 | 38.34 | OK | |
r-release-linux-x86_64 | OK | |||||
r-release-macos-arm64 | 0.6-3 | 36.00 | OK | |||
r-release-macos-x86_64 | 0.6-3 | 68.00 | OK | |||
r-release-windows-x86_64 | 0.6-3 | 12.00 | 105.00 | 117.00 | OK | |
r-oldrel-macos-arm64 | 0.6-3 | 39.00 | OK | |||
r-oldrel-macos-x86_64 | 0.6-3 | 48.00 | OK | |||
r-oldrel-windows-x86_64 | 0.6-3 | 10.00 | 93.00 | 103.00 | OK |
Version: 0.6-3
Check: CRAN incoming feasibility
Result: NOTE
Maintainer: ‘Drew Schmidt <wrathematics@gmail.com>’
Package CITATION file contains call(s) to old-style citEntry(). Please
use bibentry() instead.
Flavors: r-devel-linux-x86_64-debian-clang, r-devel-linux-x86_64-debian-gcc