Last updated on 2025-05-03 12:54:38 CEST.
Flavor | Version | Tinstall | Tcheck | Ttotal | Status | Flags |
---|---|---|---|---|---|---|
r-devel-linux-x86_64-debian-clang | 0.4-3 | 4.21 | 37.54 | 41.75 | NOTE | |
r-devel-linux-x86_64-debian-gcc | 0.4-3 | 3.44 | 28.14 | 31.58 | NOTE | |
r-devel-linux-x86_64-fedora-clang | 0.4-3 | 64.23 | OK | |||
r-devel-linux-x86_64-fedora-gcc | 0.4-3 | 63.26 | OK | |||
r-devel-windows-x86_64 | 0.4-3 | 4.00 | 55.00 | 59.00 | OK | |
r-patched-linux-x86_64 | 0.4-3 | 4.69 | 35.34 | 40.03 | OK | |
r-release-linux-x86_64 | OK | |||||
r-release-macos-arm64 | 0.4-3 | 23.00 | OK | |||
r-release-macos-x86_64 | 0.4-3 | 45.00 | OK | |||
r-release-windows-x86_64 | 0.4-3 | 5.00 | 60.00 | 65.00 | OK | |
r-oldrel-macos-arm64 | 0.4-3 | 30.00 | OK | |||
r-oldrel-macos-x86_64 | 0.4-3 | 40.00 | OK | |||
r-oldrel-windows-x86_64 | 0.4-3 | 4.00 | 54.00 | 58.00 | OK |
Version: 0.4-3
Check: CRAN incoming feasibility
Result: NOTE
Maintainer: ‘Taylor Arnold <tarnold2@richmond.edu>’
No Authors@R field in DESCRIPTION.
Please add one, modifying
Authors@R: c(person(given = "Taylor",
family = "Arnold",
role = c("aut", "cre"),
email = "tarnold2@richmond.edu"),
person(given = "Lauren",
family = "Tilton",
role = "aut"))
as necessary.
Flavors: r-devel-linux-x86_64-debian-clang, r-devel-linux-x86_64-debian-gcc