CRAN Package Check Results for Package corrarray

Last updated on 2025-05-06 03:50:59 CEST.

Flavor Version Tinstall Tcheck Ttotal Status Flags
r-devel-linux-x86_64-debian-clang 1.2.0 6.15 49.67 55.82 NOTE
r-devel-linux-x86_64-debian-gcc 1.2.0 4.96 36.25 41.21 NOTE
r-devel-linux-x86_64-fedora-clang 1.2.0 75.08 OK
r-devel-linux-x86_64-fedora-gcc 1.2.0 84.01 OK
r-devel-windows-x86_64 1.2.0 8.00 63.00 71.00 NOTE
r-patched-linux-x86_64 1.2.0 5.76 45.83 51.59 NOTE
r-release-linux-x86_64 1.2.0 6.30 46.24 52.54 NOTE
r-release-macos-arm64 1.2.0 26.00 OK
r-release-macos-x86_64 1.2.0 43.00 OK
r-release-windows-x86_64 1.2.0 7.00 64.00 71.00 NOTE
r-oldrel-macos-arm64 1.2.0 26.00 NOTE
r-oldrel-macos-x86_64 1.2.0 43.00 NOTE
r-oldrel-windows-x86_64 1.2.0 10.00 75.00 85.00 NOTE

Check Details

Version: 1.2.0
Check: CRAN incoming feasibility
Result: NOTE Maintainer: ‘Rohan Reddy Tummala <rohantummala@gmail.com>’ No Authors@R field in DESCRIPTION. Please add one, modifying Authors@R: person(given = c("Rohan", "Reddy"), family = "Tummala", role = c("aut", "cre"), email = "rohantummala@gmail.com") as necessary. Flavors: r-devel-linux-x86_64-debian-clang, r-devel-linux-x86_64-debian-gcc

Version: 1.2.0
Check: Rd cross-references
Result: NOTE Found the following Rd file(s) with Rd \link{} targets missing package anchors: corrarray.Rd: rcorr Please provide package anchors for all Rd \link{} targets not in the package itself and the base packages. Flavors: r-devel-linux-x86_64-debian-clang, r-devel-linux-x86_64-debian-gcc, r-devel-windows-x86_64, r-patched-linux-x86_64, r-release-linux-x86_64, r-release-windows-x86_64

Version: 1.2.0
Check: LazyData
Result: NOTE 'LazyData' is specified without a 'data' directory Flavors: r-oldrel-macos-arm64, r-oldrel-macos-x86_64, r-oldrel-windows-x86_64