CRAN Package Check Results for Package corrcoverage

Last updated on 2025-05-03 12:54:38 CEST.

Flavor Version Tinstall Tcheck Ttotal Status Flags
r-devel-linux-x86_64-debian-clang 1.2.1 13.92 77.29 91.21 NOTE
r-devel-linux-x86_64-debian-gcc 1.2.1 10.74 54.47 65.21 NOTE
r-devel-linux-x86_64-fedora-clang 1.2.1 155.26 NOTE
r-devel-linux-x86_64-fedora-gcc 1.2.1 150.87 NOTE
r-patched-linux-x86_64 1.2.1 17.09 66.48 83.57 NOTE
r-release-linux-x86_64 NOTE
r-release-macos-arm64 1.2.1 75.00 NOTE
r-release-macos-x86_64 1.2.1 112.00 NOTE
r-oldrel-macos-arm64 1.2.1 59.00 NOTE
r-oldrel-macos-x86_64 1.2.1 97.00 NOTE

Additional issues

donttest

Check Details

Version: 1.2.1
Check: C++ specification
Result: NOTE Specified C++11: please drop specification unless essential Flavors: r-devel-linux-x86_64-debian-clang, r-devel-linux-x86_64-debian-gcc, r-devel-linux-x86_64-fedora-clang, r-devel-linux-x86_64-fedora-gcc, r-patched-linux-x86_64, r-release-linux-x86_64, r-release-macos-arm64, r-release-macos-x86_64, r-oldrel-macos-arm64, r-oldrel-macos-x86_64

Version: 1.2.1
Check: dependencies in R code
Result: NOTE Namespace in Imports field not imported from: ‘data.table’ All declared Imports should be used. Flavors: r-devel-linux-x86_64-fedora-clang, r-devel-linux-x86_64-fedora-gcc

Version: 1.2.1
Check: installed package size
Result: NOTE installed size is 5.0Mb sub-directories of 1Mb or more: extdata 3.8Mb Flavors: r-oldrel-macos-arm64, r-oldrel-macos-x86_64

Version: 1.2.1
Check: LazyData
Result: NOTE 'LazyData' is specified without a 'data' directory Flavors: r-oldrel-macos-arm64, r-oldrel-macos-x86_64