Last updated on 2025-05-03 21:51:13 CEST.
Flavor | Version | Tinstall | Tcheck | Ttotal | Status | Flags |
---|---|---|---|---|---|---|
r-devel-linux-x86_64-debian-clang | 1.0.2 | 29.63 | 382.41 | 412.04 | NOTE | |
r-devel-linux-x86_64-debian-gcc | 1.0.2 | 21.97 | 359.47 | 381.44 | NOTE | |
r-devel-linux-x86_64-fedora-clang | 1.0.2 | 627.17 | OK | |||
r-devel-linux-x86_64-fedora-gcc | 1.0.2 | 657.91 | OK | |||
r-devel-windows-x86_64 | 1.0.2 | 39.00 | 482.00 | 521.00 | OK | |
r-patched-linux-x86_64 | 1.0.2 | 32.22 | 365.11 | 397.33 | OK | |
r-release-linux-x86_64 | OK | |||||
r-release-macos-arm64 | 1.0.2 | 196.00 | OK | |||
r-release-macos-x86_64 | 1.0.2 | 392.00 | OK | |||
r-release-windows-x86_64 | 1.0.2 | 38.00 | 457.00 | 495.00 | OK | |
r-oldrel-macos-arm64 | 1.0.2 | 188.00 | OK | |||
r-oldrel-macos-x86_64 | 1.0.2 | 258.00 | OK | |||
r-oldrel-windows-x86_64 | 1.0.2 | 46.00 | 603.00 | 649.00 | OK |
Version: 1.0.2
Check: CRAN incoming feasibility
Result: NOTE
Maintainer: ‘Brian King <brianking387@gmail.com>’
The Description field contains
King and Kowal (2022) <arXiv:2110.14790>, and Kowal and Wu (2023)
<arXiv:2110.12316>.
Please refer to arXiv e-prints via their arXiv DOI <doi:10.48550/arXiv.YYMM.NNNNN>.
Flavors: r-devel-linux-x86_64-debian-clang, r-devel-linux-x86_64-debian-gcc