Last updated on 2025-05-03 21:51:13 CEST.
Flavor | Version | Tinstall | Tcheck | Ttotal | Status | Flags |
---|---|---|---|---|---|---|
r-devel-linux-x86_64-debian-clang | 1.4 | 7.22 | 79.61 | 86.83 | NOTE | |
r-devel-linux-x86_64-debian-gcc | 1.4 | 4.86 | 53.91 | 58.77 | NOTE | |
r-devel-linux-x86_64-fedora-clang | 1.4 | 125.87 | NOTE | |||
r-devel-linux-x86_64-fedora-gcc | 1.4 | 147.08 | NOTE | |||
r-devel-windows-x86_64 | 1.4 | 9.00 | 91.00 | 100.00 | NOTE | |
r-patched-linux-x86_64 | 1.4 | 6.54 | 72.67 | 79.21 | NOTE | |
r-release-linux-x86_64 | NOTE | |||||
r-release-macos-arm64 | 1.4 | 53.00 | NOTE | |||
r-release-macos-x86_64 | 1.4 | 80.00 | NOTE | |||
r-release-windows-x86_64 | 1.4 | 10.00 | 92.00 | 102.00 | NOTE | |
r-oldrel-macos-arm64 | 1.4 | 43.00 | NOTE | |||
r-oldrel-macos-x86_64 | 1.4 | 64.00 | NOTE | |||
r-oldrel-windows-x86_64 | 1.4 | 11.00 | 112.00 | 123.00 | NOTE |
Version: 1.4
Check: CRAN incoming feasibility
Result: NOTE
Maintainer: ‘Jaroslaw Chilimoniuk <jaroslaw.chilimoniuk@gmail.com>’
Package CITATION file contains call(s) to old-style citEntry(). Please
use bibentry() instead.
Flavors: r-devel-linux-x86_64-debian-clang, r-devel-linux-x86_64-debian-gcc
Version: 1.4
Check: Rd files
Result: NOTE
checkRd: (-1) summary_fitlist.Rd:15: Lost braces in \itemize; \value handles \item{}{} directly
checkRd: (-1) summary_fitlist.Rd:16: Lost braces in \itemize; \value handles \item{}{} directly
checkRd: (-1) summary_fitlist.Rd:17: Lost braces in \itemize; \value handles \item{}{} directly
checkRd: (-1) summary_fitlist.Rd:18: Lost braces in \itemize; \value handles \item{}{} directly
checkRd: (-1) summary_fitlist.Rd:19: Lost braces in \itemize; \value handles \item{}{} directly
Flavors: r-devel-linux-x86_64-debian-clang, r-devel-linux-x86_64-debian-gcc, r-devel-linux-x86_64-fedora-clang, r-devel-linux-x86_64-fedora-gcc, r-devel-windows-x86_64, r-patched-linux-x86_64, r-release-linux-x86_64, r-release-macos-arm64, r-release-macos-x86_64, r-release-windows-x86_64, r-oldrel-macos-arm64, r-oldrel-macos-x86_64, r-oldrel-windows-x86_64