Last updated on 2025-05-03 21:51:13 CEST.
Flavor | Version | Tinstall | Tcheck | Ttotal | Status | Flags |
---|---|---|---|---|---|---|
r-devel-linux-x86_64-debian-clang | 1.0.3 | 28.27 | 151.60 | 179.87 | NOTE | |
r-devel-linux-x86_64-debian-gcc | 1.0.3 | 21.76 | 107.09 | 128.85 | NOTE | |
r-devel-linux-x86_64-fedora-clang | 1.0.3 | 304.36 | NOTE | |||
r-devel-linux-x86_64-fedora-gcc | 1.0.3 | 315.61 | NOTE | |||
r-devel-windows-x86_64 | 1.0.3 | 36.00 | 173.00 | 209.00 | NOTE | |
r-patched-linux-x86_64 | 1.0.3 | 28.09 | 143.59 | 171.68 | NOTE | |
r-release-linux-x86_64 | NOTE | |||||
r-release-macos-arm64 | 1.0.3 | 105.00 | NOTE | |||
r-release-macos-x86_64 | 1.0.3 | 181.00 | NOTE | |||
r-release-windows-x86_64 | 1.0.3 | 36.00 | 170.00 | 206.00 | NOTE | |
r-oldrel-macos-arm64 | 1.0.3 | 85.00 | NOTE | |||
r-oldrel-macos-x86_64 | 1.0.3 | 138.00 | NOTE | |||
r-oldrel-windows-x86_64 | 1.0.3 | 41.00 | 220.00 | 261.00 | NOTE |
Version: 1.0.3
Check: CRAN incoming feasibility
Result: NOTE
Maintainer: ‘Bella Vakulenko-Lagun <bella.vakulenko-lagun@mail.huji.ac.il>’
No Authors@R field in DESCRIPTION.
Please add one, modifying
Authors@R: c(person(given = "Bella",
family = "Vakulenko-Lagun",
role = c("aut", "cre"),
email = "bella.vakulenko-lagun@mail.huji.ac.il"),
person(given = "Micha",
family = "Mandel",
role = "aut"),
person(given = c("Rebecca", "A."),
family = "Betensky",
role = "aut"))
as necessary.
Flavors: r-devel-linux-x86_64-debian-clang, r-devel-linux-x86_64-debian-gcc
Version: 1.0.3
Check: C++ specification
Result: NOTE
Specified C++11: please drop specification unless essential
Flavors: r-devel-linux-x86_64-debian-clang, r-devel-linux-x86_64-debian-gcc, r-devel-linux-x86_64-fedora-clang, r-devel-linux-x86_64-fedora-gcc, r-devel-windows-x86_64, r-patched-linux-x86_64, r-release-linux-x86_64, r-release-macos-arm64, r-release-macos-x86_64, r-release-windows-x86_64, r-oldrel-macos-arm64, r-oldrel-macos-x86_64, r-oldrel-windows-x86_64
Version: 1.0.3
Check: Rd files
Result: NOTE
checkRd: (-1) coxph.RT.Rd:57: Lost braces in \itemize; \value handles \item{}{} directly
checkRd: (-1) coxph.RT.Rd:58: Lost braces in \itemize; \value handles \item{}{} directly
checkRd: (-1) coxph.RT.Rd:59-71: Lost braces in \itemize; \value handles \item{}{} directly
Flavors: r-devel-linux-x86_64-debian-clang, r-devel-linux-x86_64-debian-gcc, r-devel-linux-x86_64-fedora-clang, r-devel-linux-x86_64-fedora-gcc, r-devel-windows-x86_64, r-patched-linux-x86_64, r-release-linux-x86_64, r-release-macos-arm64, r-release-macos-x86_64, r-release-windows-x86_64, r-oldrel-macos-arm64, r-oldrel-macos-x86_64, r-oldrel-windows-x86_64
Version: 1.0.3
Check: LazyData
Result: NOTE
'LazyData' is specified without a 'data' directory
Flavors: r-oldrel-macos-arm64, r-oldrel-macos-x86_64, r-oldrel-windows-x86_64