CRAN Package Check Results for Package coxsei

Last updated on 2025-05-07 12:50:20 CEST.

Flavor Version Tinstall Tcheck Ttotal Status Flags
r-devel-linux-x86_64-debian-clang 0.3 3.86 41.62 45.48 NOTE
r-devel-linux-x86_64-debian-gcc 0.3 3.01 27.36 30.37 NOTE
r-devel-linux-x86_64-fedora-clang 0.4 71.82 OK
r-devel-linux-x86_64-fedora-gcc 0.4 68.07 OK
r-devel-windows-x86_64 0.3 7.00 64.00 71.00 NOTE
r-patched-linux-x86_64 0.3 3.47 38.25 41.72 NOTE
r-release-linux-x86_64 0.3 3.59 37.95 41.54 NOTE
r-release-macos-arm64 0.4 21.00 OK
r-release-macos-x86_64 0.4 61.00 OK
r-release-windows-x86_64 0.3 7.00 66.00 73.00 NOTE
r-oldrel-macos-arm64 0.4 32.00 OK
r-oldrel-macos-x86_64 0.4 56.00 OK
r-oldrel-windows-x86_64 0.3 7.00 64.00 71.00 OK

Check Details

Version: 0.3
Check: CRAN incoming feasibility
Result: NOTE Maintainer: ‘Feng Chen <feng.chen@unsw.edu.au>’ No Authors@R field in DESCRIPTION. Please add one, modifying Authors@R: person(given = "Feng", family = "Chen", role = c("aut", "cre"), email = "feng.chen@unsw.edu.au") as necessary. Flavors: r-devel-linux-x86_64-debian-clang, r-devel-linux-x86_64-debian-gcc

Version: 0.3
Check: Rd cross-references
Result: NOTE Found the following Rd file(s) with Rd \link{} targets missing package anchors: coxsei-package.Rd: survival Please provide package anchors for all Rd \link{} targets not in the package itself and the base packages. Flavors: r-devel-linux-x86_64-debian-clang, r-devel-linux-x86_64-debian-gcc, r-devel-windows-x86_64, r-patched-linux-x86_64, r-release-linux-x86_64, r-release-windows-x86_64