Last updated on 2025-05-03 21:51:13 CEST.
Flavor | Version | Tinstall | Tcheck | Ttotal | Status | Flags |
---|---|---|---|---|---|---|
r-devel-linux-x86_64-debian-clang | 1.0.2 | 5.64 | 44.60 | 50.24 | NOTE | |
r-devel-linux-x86_64-debian-gcc | 1.0.2 | 4.39 | 31.85 | 36.24 | NOTE | |
r-devel-linux-x86_64-fedora-clang | 1.0.2 | 70.37 | OK | |||
r-devel-linux-x86_64-fedora-gcc | 1.0.2 | 75.92 | OK | |||
r-devel-windows-x86_64 | 1.0.2 | 8.00 | 63.00 | 71.00 | OK | |
r-patched-linux-x86_64 | 1.0.2 | 5.04 | 42.32 | 47.36 | OK | |
r-release-linux-x86_64 | OK | |||||
r-release-macos-arm64 | 1.0.2 | 30.00 | OK | |||
r-release-macos-x86_64 | 1.0.2 | 40.00 | OK | |||
r-release-windows-x86_64 | 1.0.2 | 8.00 | 60.00 | 68.00 | OK | |
r-oldrel-macos-arm64 | 1.0.2 | 25.00 | OK | |||
r-oldrel-macos-x86_64 | 1.0.2 | 35.00 | OK | |||
r-oldrel-windows-x86_64 | 1.0.2 | 10.00 | 72.00 | 82.00 | OK |
Version: 1.0.2
Check: CRAN incoming feasibility
Result: NOTE
Maintainer: ‘Ning Yilin <ningyilinnyl@gmail.com>’
No Authors@R field in DESCRIPTION.
Please add one, modifying
Authors@R: c(person(given = "Ning",
family = "Yilin",
role = c("aut", "cre"),
email = "ningyilinnyl@gmail.com"),
person(given = c("Tan", "Chuen"),
family = "Seng",
role = "aut"))
as necessary.
Flavors: r-devel-linux-x86_64-debian-clang, r-devel-linux-x86_64-debian-gcc