Last updated on 2025-05-06 12:49:36 CEST.
Flavor | Version | Tinstall | Tcheck | Ttotal | Status | Flags |
---|---|---|---|---|---|---|
r-devel-linux-x86_64-debian-clang | 2.3 | 7.41 | 61.73 | 69.14 | NOTE | |
r-devel-linux-x86_64-debian-gcc | 2.3 | 4.67 | 43.25 | 47.92 | NOTE | |
r-devel-linux-x86_64-fedora-clang | 2.3 | 113.63 | OK | |||
r-devel-linux-x86_64-fedora-gcc | 2.3 | 104.33 | OK | |||
r-devel-windows-x86_64 | 2.3 | 10.00 | 74.00 | 84.00 | OK | |
r-patched-linux-x86_64 | 2.3 | 6.73 | 58.74 | 65.47 | OK | |
r-release-linux-x86_64 | 2.3 | 6.53 | 58.99 | 65.52 | OK | |
r-release-macos-arm64 | 2.3 | 37.00 | OK | |||
r-release-macos-x86_64 | 2.3 | 68.00 | OK | |||
r-release-windows-x86_64 | 2.3 | 11.00 | 74.00 | 85.00 | OK | |
r-oldrel-macos-arm64 | 2.3 | 34.00 | OK | |||
r-oldrel-macos-x86_64 | 2.3 | 50.00 | OK | |||
r-oldrel-windows-x86_64 | 2.3 | 14.00 | 93.00 | 107.00 | OK |
Version: 2.3
Check: CRAN incoming feasibility
Result: NOTE
Maintainer: ‘Francesco Bartolucci <francesco.bartolucci@unipg.it>’
No Authors@R field in DESCRIPTION.
Please add one, modifying
Authors@R: c(person(given = "Francesco",
family = "Bartolucci",
role = c("aut", "cre"),
email = "francesco.bartolucci@unipg.it",
comment = "University of Perugia"),
person(given = "Claudia",
family = "Pigini",
role = "aut",
comment = "University of Ancona \"Politecnica delle Marche\""),
person(given = "Francesco",
family = "Valentini",
role = "aut",
comment = "University of Ancona \"Politecnica delle Marche\""))
as necessary.
Flavors: r-devel-linux-x86_64-debian-clang, r-devel-linux-x86_64-debian-gcc