Last updated on 2025-05-03 21:51:13 CEST.
Flavor | Version | Tinstall | Tcheck | Ttotal | Status | Flags |
---|---|---|---|---|---|---|
r-devel-linux-x86_64-debian-clang | 0.3.11 | 80.16 | 476.22 | 556.38 | NOTE | |
r-devel-linux-x86_64-debian-gcc | 0.3.12 | 38.05 | 252.58 | 290.63 | OK | |
r-devel-linux-x86_64-fedora-clang | 0.3.12 | 829.56 | OK | |||
r-devel-linux-x86_64-fedora-gcc | 0.3.12 | 795.35 | OK | |||
r-devel-windows-x86_64 | 0.3.11 | 55.00 | 625.00 | 680.00 | NOTE | |
r-patched-linux-x86_64 | 0.3.11 | 51.79 | 451.32 | 503.11 | NOTE | |
r-release-linux-x86_64 | NOTE | |||||
r-release-macos-arm64 | 0.3.12 | 216.00 | OK | |||
r-release-macos-x86_64 | 0.3.12 | 445.00 | OK | |||
r-release-windows-x86_64 | 0.3.12 | 52.00 | 534.00 | 586.00 | OK | |
r-oldrel-macos-arm64 | 0.3.12 | 230.00 | NOTE | |||
r-oldrel-macos-x86_64 | 0.3.12 | 513.00 | NOTE | |||
r-oldrel-windows-x86_64 | 0.3.11 | 69.00 | 787.00 | 856.00 | OK |
Version: 0.3.11
Check: DESCRIPTION meta-information
Result: NOTE
Missing dependency on R >= 4.1.0 because package code uses the pipe
|> or function shorthand \(...) syntax added in R 4.1.0.
File(s) using such syntax:
‘cleaning.R’
Flavors: r-devel-linux-x86_64-debian-clang, r-devel-windows-x86_64, r-patched-linux-x86_64, r-release-linux-x86_64
Version: 0.3.12
Check: installed package size
Result: NOTE
installed size is 10.4Mb
sub-directories of 1Mb or more:
data 1.2Mb
doc 2.2Mb
libs 6.9Mb
Flavors: r-oldrel-macos-arm64, r-oldrel-macos-x86_64