Last updated on 2024-06-16 11:57:53 CEST.
Flavor | Version | Tinstall | Tcheck | Ttotal | Status | Flags |
---|---|---|---|---|---|---|
r-devel-linux-x86_64-debian-clang | 0.5.2 | 163.21 | 43.88 | 207.09 | OK | |
r-devel-linux-x86_64-debian-gcc | 0.5.2 | 116.55 | 43.01 | 159.56 | OK | |
r-devel-linux-x86_64-fedora-clang | 0.5.2 | 239.66 | OK | |||
r-devel-linux-x86_64-fedora-gcc | 0.5.2 | 320.56 | OK | |||
r-devel-windows-x86_64 | 0.5.2 | 110.00 | 84.00 | 194.00 | OK | |
r-patched-linux-x86_64 | 0.5.2 | 121.78 | 53.38 | 175.16 | OK | |
r-release-linux-x86_64 | 0.5.2 | 148.96 | 51.89 | 200.85 | OK | |
r-release-macos-arm64 | 0.5.2 | 63.00 | NOTE | |||
r-release-macos-x86_64 | 0.5.2 | 84.00 | NOTE | |||
r-release-windows-x86_64 | 0.5.2 | 112.00 | 86.00 | 198.00 | OK | |
r-oldrel-macos-arm64 | 0.5.2 | 67.00 | NOTE | |||
r-oldrel-macos-x86_64 | 0.5.2 | 106.00 | NOTE | |||
r-oldrel-windows-x86_64 | 0.5.2 | 141.00 | 102.00 | 243.00 | OK |
Version: 0.5.2
Check: installed package size
Result: NOTE
installed size is 50.5Mb
sub-directories of 1Mb or more:
libs 50.4Mb
Flavors: r-release-macos-arm64, r-release-macos-x86_64, r-oldrel-macos-arm64, r-oldrel-macos-x86_64