CRAN Package Check Results for Package crimCV

Last updated on 2025-05-07 06:49:46 CEST.

Flavor Version Tinstall Tcheck Ttotal Status Flags
r-devel-linux-x86_64-debian-clang 1.0.0 11.74 23.66 35.40 NOTE
r-devel-linux-x86_64-debian-gcc 1.0.0 9.17 18.66 27.83 NOTE
r-devel-linux-x86_64-fedora-clang 1.0.0 54.62 OK
r-devel-linux-x86_64-fedora-gcc 1.0.0 64.07 OK
r-devel-windows-x86_64 1.0.0 15.00 53.00 68.00 OK
r-patched-linux-x86_64 1.0.0 13.46 22.58 36.04 OK
r-release-linux-x86_64 1.0.0 11.41 22.72 34.13 OK
r-release-macos-arm64 1.0.0 27.00 OK
r-release-macos-x86_64 1.0.0 53.00 OK
r-release-windows-x86_64 1.0.0 15.00 59.00 74.00 OK
r-oldrel-macos-arm64 1.0.0 23.00 OK
r-oldrel-macos-x86_64 1.0.0 38.00 OK
r-oldrel-windows-x86_64 1.0.0 14.00 54.00 68.00 OK

Check Details

Version: 1.0.0
Check: CRAN incoming feasibility
Result: NOTE Maintainer: ‘Jason D. Nielsen <jdn@math.carleton.ca>’ No Authors@R field in DESCRIPTION. Please add one, modifying Authors@R: person(given = c("Jason", "D."), family = "Nielsen", role = c("aut", "cre"), email = "drjdnielsen@gmail.com") as necessary. Flavors: r-devel-linux-x86_64-debian-clang, r-devel-linux-x86_64-debian-gcc