Last updated on 2024-06-17 06:50:14 CEST.
Flavor | Version | Tinstall | Tcheck | Ttotal | Status | Flags |
---|---|---|---|---|---|---|
r-devel-linux-x86_64-debian-clang | 0.2.3 | 14.30 | 115.63 | 129.93 | OK | |
r-devel-linux-x86_64-debian-gcc | 0.2.3 | 10.23 | 85.74 | 95.97 | OK | |
r-devel-linux-x86_64-fedora-clang | 0.2.3 | 158.47 | NOTE | |||
r-devel-linux-x86_64-fedora-gcc | 0.2.3 | 160.99 | NOTE | |||
r-devel-windows-x86_64 | 0.2.3 | 10.00 | 104.00 | 114.00 | OK | |
r-patched-linux-x86_64 | 0.2.3 | 16.31 | 109.32 | 125.63 | OK | |
r-release-linux-x86_64 | 0.2.3 | 13.27 | 110.31 | 123.58 | OK | |
r-release-macos-arm64 | 0.2.3 | 53.00 | OK | |||
r-release-macos-x86_64 | 0.2.3 | 75.00 | OK | |||
r-release-windows-x86_64 | 0.2.3 | 13.00 | 103.00 | 116.00 | OK | |
r-oldrel-macos-arm64 | 0.2.3 | 56.00 | OK | |||
r-oldrel-macos-x86_64 | 0.2.3 | 87.00 | OK | |||
r-oldrel-windows-x86_64 | 0.2.3 | 14.00 | 121.00 | 135.00 | OK |
Version: 0.2.3
Check: data for non-ASCII characters
Result: NOTE
Note: found 500 marked UTF-8 strings
Flavors: r-devel-linux-x86_64-fedora-clang, r-devel-linux-x86_64-fedora-gcc