Last updated on 2025-05-03 21:51:14 CEST.
Flavor | Version | Tinstall | Tcheck | Ttotal | Status | Flags |
---|---|---|---|---|---|---|
r-devel-linux-x86_64-debian-clang | 1.0.0 | 71.93 | 161.35 | 233.28 | OK | |
r-devel-linux-x86_64-debian-gcc | 1.0.0 | 53.94 | 124.50 | 178.44 | OK | |
r-devel-linux-x86_64-fedora-clang | 1.0.0 | 358.20 | OK | |||
r-devel-linux-x86_64-fedora-gcc | 1.0.0 | 420.61 | OK | |||
r-devel-windows-x86_64 | 1.0.0 | 68.00 | 174.00 | 242.00 | OK | |
r-patched-linux-x86_64 | 1.0.0 | 73.26 | 160.64 | 233.90 | OK | |
r-release-linux-x86_64 | OK | |||||
r-release-macos-arm64 | 1.0.0 | 122.00 | OK | |||
r-release-macos-x86_64 | 1.0.0 | 301.00 | OK | |||
r-release-windows-x86_64 | 1.0.0 | 73.00 | 180.00 | 253.00 | OK | |
r-oldrel-macos-arm64 | 1.0.0 | 128.00 | NOTE | |||
r-oldrel-macos-x86_64 | 1.0.0 | 206.00 | NOTE | |||
r-oldrel-windows-x86_64 | 1.0.0 | 86.00 | 223.00 | 309.00 | NOTE |
Version: 1.0.0
Check: package dependencies
Result: NOTE
Package suggested but not available for checking: ‘RTMBode’
Flavors: r-oldrel-macos-arm64, r-oldrel-macos-x86_64, r-oldrel-windows-x86_64
Version: 1.0.0
Check: installed package size
Result: NOTE
installed size is 21.4Mb
sub-directories of 1Mb or more:
doc 1.7Mb
libs 19.1Mb
Flavors: r-oldrel-macos-arm64, r-oldrel-macos-x86_64