Last updated on 2025-05-06 03:51:00 CEST.
Flavor | Version | Tinstall | Tcheck | Ttotal | Status | Flags |
---|---|---|---|---|---|---|
r-devel-linux-x86_64-debian-clang | 1.1 | 8.35 | 61.71 | 70.06 | NOTE | |
r-devel-linux-x86_64-debian-gcc | 1.1 | 4.45 | 45.24 | 49.69 | NOTE | |
r-devel-linux-x86_64-fedora-clang | 1.1 | 108.23 | OK | |||
r-devel-linux-x86_64-fedora-gcc | 1.1 | 104.94 | OK | |||
r-devel-windows-x86_64 | 1.1 | 9.00 | 74.00 | 83.00 | OK | |
r-patched-linux-x86_64 | 1.1 | 7.55 | 58.89 | 66.44 | OK | |
r-release-linux-x86_64 | 1.1 | 7.27 | 58.90 | 66.17 | OK | |
r-release-macos-arm64 | 1.1 | 34.00 | OK | |||
r-release-macos-x86_64 | 1.1 | 64.00 | OK | |||
r-release-windows-x86_64 | 1.1 | 9.00 | 76.00 | 85.00 | OK | |
r-oldrel-macos-arm64 | 1.1 | 33.00 | OK | |||
r-oldrel-macos-x86_64 | 1.1 | 50.00 | OK | |||
r-oldrel-windows-x86_64 | 1.1 | 13.00 | 91.00 | 104.00 | OK |
Version: 1.1
Check: CRAN incoming feasibility
Result: NOTE
Maintainer: ‘Eva Koritakova <koritakova@iba.muni.cz>’
No Authors@R field in DESCRIPTION.
Please add one, modifying
Authors@R: c(person(given = "Eva",
family = "Koritakova",
role = c("aut", "cre"),
email = "koritakova@iba.muni.cz",
comment = c(ROR = "Janousova")),
person(given = "Tomas",
family = "Pavlik",
role = "aut"),
person(given = "Jiri",
family = "Mayer",
role = "aut"),
person(given = "Ladislav",
family = "Dusek",
role = "aut"))
as necessary.
Flavors: r-devel-linux-x86_64-debian-clang, r-devel-linux-x86_64-debian-gcc