Last updated on 2025-05-07 03:50:57 CEST.
Flavor | Version | Tinstall | Tcheck | Ttotal | Status | Flags |
---|---|---|---|---|---|---|
r-devel-linux-x86_64-debian-clang | 0.1-1 | 9.72 | 76.69 | 86.41 | NOTE | |
r-devel-linux-x86_64-debian-gcc | 0.1-1 | 6.56 | 55.03 | 61.59 | NOTE | |
r-devel-linux-x86_64-fedora-clang | 0.1-1 | 132.09 | OK | |||
r-devel-linux-x86_64-fedora-gcc | 0.1-1 | 124.54 | OK | |||
r-devel-windows-x86_64 | 0.1-1 | 10.00 | 79.00 | 89.00 | OK | |
r-patched-linux-x86_64 | 0.1-1 | 9.16 | 70.48 | 79.64 | OK | |
r-release-linux-x86_64 | 0.1-1 | 9.32 | 71.02 | 80.34 | OK | |
r-release-macos-arm64 | 0.1-1 | 39.00 | OK | |||
r-release-macos-x86_64 | 0.1-1 | 68.00 | OK | |||
r-release-windows-x86_64 | 0.1-1 | 10.00 | 81.00 | 91.00 | OK | |
r-oldrel-macos-arm64 | 0.1-1 | 39.00 | OK | |||
r-oldrel-macos-x86_64 | 0.1-1 | 60.00 | OK | |||
r-oldrel-windows-x86_64 | 0.1-1 | 13.00 | 100.00 | 113.00 | OK |
Version: 0.1-1
Check: CRAN incoming feasibility
Result: NOTE
Maintainer: ‘Matteo Quartagno <m.quartagno@ucl.ac.uk>’
No Authors@R field in DESCRIPTION.
Please add one, modifying
Authors@R: person(given = "Matteo",
family = "Quartagno",
role = c("aut", "cre"),
email = "m.quartagno@ucl.ac.uk")
as necessary.
The Description field contains
et al. (2019) <arXiv:1905.00241>.
Please refer to arXiv e-prints via their arXiv DOI <doi:10.48550/arXiv.YYMM.NNNNN>.
Flavors: r-devel-linux-x86_64-debian-clang, r-devel-linux-x86_64-debian-gcc