CRAN Package Check Results for Package dbMC

Last updated on 2025-05-03 21:51:14 CEST.

Flavor Version Tinstall Tcheck Ttotal Status Flags
r-devel-linux-x86_64-debian-clang 1.0.0 3.08 23.20 26.28 NOTE
r-devel-linux-x86_64-debian-gcc 1.0.0 2.15 19.49 21.64 NOTE
r-devel-linux-x86_64-fedora-clang 1.0.0 42.43 NOTE
r-devel-linux-x86_64-fedora-gcc 1.0.0 55.11 NOTE
r-devel-windows-x86_64 1.0.0 4.00 45.00 49.00 NOTE
r-patched-linux-x86_64 1.0.0 3.19 22.61 25.80 NOTE
r-release-linux-x86_64 NOTE
r-release-macos-arm64 1.0.0 26.00 NOTE
r-release-macos-x86_64 1.0.0 60.00 NOTE
r-release-windows-x86_64 1.0.0 5.00 44.00 49.00 NOTE
r-oldrel-macos-arm64 1.0.0 23.00 NOTE
r-oldrel-macos-x86_64 1.0.0 35.00 NOTE
r-oldrel-windows-x86_64 1.0.0 6.00 50.00 56.00 NOTE

Check Details

Version: 1.0.0
Check: CRAN incoming feasibility
Result: NOTE Maintainer: ‘The Tien Mai <t.t.mai@medisin.uio.no>’ The Description field contains <arXiv:2103.11749>. Please refer to arXiv e-prints via their arXiv DOI <doi:10.48550/arXiv.YYMM.NNNNN>. Flavors: r-devel-linux-x86_64-debian-clang, r-devel-linux-x86_64-debian-gcc

Version: 1.0.0
Check: Rd files
Result: NOTE checkRd: (-1) CI_mc.Rd:10: Lost braces; missing escapes or markup? 10 | \item{i}{the row index of the interest entry X_{i,j}} | ^ checkRd: (-1) CI_mc.Rd:12: Lost braces; missing escapes or markup? 12 | \item{j}{the row index of the interest entry X_{i,j}} | ^ Flavors: r-devel-linux-x86_64-debian-clang, r-devel-linux-x86_64-debian-gcc, r-devel-linux-x86_64-fedora-clang, r-devel-linux-x86_64-fedora-gcc, r-devel-windows-x86_64, r-patched-linux-x86_64, r-release-linux-x86_64, r-release-macos-arm64, r-release-macos-x86_64, r-release-windows-x86_64, r-oldrel-macos-arm64, r-oldrel-macos-x86_64, r-oldrel-windows-x86_64

Version: 1.0.0
Check: dependencies in R code
Result: NOTE Namespace in Imports field not imported from: ‘softImpute’ All declared Imports should be used. Flavors: r-devel-linux-x86_64-fedora-clang, r-devel-linux-x86_64-fedora-gcc