Last updated on 2025-05-06 12:49:36 CEST.
Flavor | Version | Tinstall | Tcheck | Ttotal | Status | Flags |
---|---|---|---|---|---|---|
r-devel-linux-x86_64-debian-clang | 2.3-2 | 25.36 | 164.45 | 189.81 | NOTE | |
r-devel-linux-x86_64-debian-gcc | 2.3-2 | 20.83 | 119.83 | 140.66 | NOTE | |
r-devel-linux-x86_64-fedora-clang | 2.3-2 | 294.34 | OK | |||
r-devel-linux-x86_64-fedora-gcc | 2.3-2 | 299.36 | OK | |||
r-devel-windows-x86_64 | 2.3-2 | 21.00 | 163.00 | 184.00 | NOTE | |
r-patched-linux-x86_64 | 2.3-2 | 29.39 | 161.31 | 190.70 | NOTE | |
r-release-linux-x86_64 | 2.3-2 | 23.06 | 159.74 | 182.80 | NOTE | |
r-release-macos-arm64 | 2.3-2 | 63.00 | OK | |||
r-release-macos-x86_64 | 2.3-2 | 150.00 | OK | |||
r-release-windows-x86_64 | 2.3-2 | 20.00 | 165.00 | 185.00 | NOTE | |
r-oldrel-macos-arm64 | 2.3-2 | 68.00 | NOTE | |||
r-oldrel-macos-x86_64 | 2.3-2 | 135.00 | NOTE | |||
r-oldrel-windows-x86_64 | 2.3-2 | 28.00 | 199.00 | 227.00 | NOTE |
Version: 2.3-2
Check: CRAN incoming feasibility
Result: NOTE
Maintainer: ‘Peter Solymos <psolymos@gmail.com>’
No Authors@R field in DESCRIPTION.
Please add one, modifying
Authors@R: person(given = "Peter",
family = "Solymos",
role = c("aut", "cre"),
email = "psolymos@gmail.com",
comment = c(ORCID = "0000-0001-7337-1740"))
as necessary.
Flavors: r-devel-linux-x86_64-debian-clang, r-devel-linux-x86_64-debian-gcc
Version: 2.3-2
Check: Rd cross-references
Result: NOTE
Found the following Rd file(s) with Rd \link{} targets missing package
anchors:
dcoptions.Rd: gelman.diag
Please provide package anchors for all Rd \link{} targets not in the
package itself and the base packages.
Flavors: r-devel-linux-x86_64-debian-clang, r-devel-linux-x86_64-debian-gcc, r-devel-windows-x86_64, r-patched-linux-x86_64, r-release-linux-x86_64, r-release-windows-x86_64
Version: 2.3-2
Check: package dependencies
Result: NOTE
Package suggested but not available for checking: ‘BRugs’
Flavors: r-oldrel-macos-arm64, r-oldrel-macos-x86_64, r-oldrel-windows-x86_64