Last updated on 2024-06-17 06:50:14 CEST.
Flavor | Version | Tinstall | Tcheck | Ttotal | Status | Flags |
---|---|---|---|---|---|---|
r-devel-linux-x86_64-debian-clang | 0.1.0 | 14.20 | 136.13 | 150.33 | OK | |
r-devel-linux-x86_64-debian-gcc | 0.1.0 | 11.93 | 100.39 | 112.32 | OK | |
r-devel-linux-x86_64-fedora-clang | 0.1.0 | 186.10 | NOTE | |||
r-devel-linux-x86_64-fedora-gcc | 0.1.0 | 170.96 | NOTE | |||
r-devel-windows-x86_64 | 0.1.0 | 15.00 | 109.00 | 124.00 | OK | |
r-patched-linux-x86_64 | 0.1.0 | 16.58 | 131.61 | 148.19 | OK | |
r-release-linux-x86_64 | 0.1.0 | 14.63 | 130.44 | 145.07 | OK | |
r-release-macos-arm64 | 0.1.0 | 50.00 | OK | |||
r-release-macos-x86_64 | 0.1.0 | 73.00 | OK | |||
r-release-windows-x86_64 | 0.1.0 | 16.00 | 110.00 | 126.00 | OK | |
r-oldrel-macos-arm64 | 0.1.0 | 51.00 | OK | |||
r-oldrel-macos-x86_64 | 0.1.0 | 83.00 | OK | |||
r-oldrel-windows-x86_64 | 0.1.0 | 20.00 | 134.00 | 154.00 | OK |
Version: 0.1.0
Check: dependencies in R code
Result: NOTE
Namespaces in Imports field not imported from:
‘reticulate’ ‘tensorflow’
All declared Imports should be used.
Flavors: r-devel-linux-x86_64-fedora-clang, r-devel-linux-x86_64-fedora-gcc