CRAN Package Check Results for Package decomposedPSF

Last updated on 2025-07-24 06:49:24 CEST.

Flavor Version Tinstall Tcheck Ttotal Status Flags
r-devel-linux-x86_64-debian-clang 0.2 6.47 69.19 75.66 NOTE
r-devel-linux-x86_64-debian-gcc 0.2 4.65 49.48 54.13 NOTE
r-devel-linux-x86_64-fedora-clang 0.2 114.27 OK
r-devel-linux-x86_64-fedora-gcc 0.2 125.15 OK
r-devel-windows-x86_64 0.2 10.00 78.00 88.00 OK
r-patched-linux-x86_64 0.2 7.27 61.99 69.26 OK
r-release-linux-x86_64 0.2 7.24 62.97 70.21 OK
r-release-macos-arm64 0.2 55.00 OK
r-release-macos-x86_64 0.2 74.00 OK
r-release-windows-x86_64 0.2 10.00 78.00 88.00 OK
r-oldrel-macos-arm64 0.2 39.00 OK
r-oldrel-macos-x86_64 0.2 60.00 OK
r-oldrel-windows-x86_64 0.2 12.00 98.00 110.00 OK

Check Details

Version: 0.2
Check: CRAN incoming feasibility
Result: NOTE Maintainer: ‘Neeraj Bokde <neerajdhanraj@gmail.com>’ No Authors@R field in DESCRIPTION. Please add one, modifying Authors@R: person(given = "Neeraj", family = "Bokde", role = c("aut", "cre"), email = "neerajdhanraj@gmail.com") as necessary. Package CITATION file contains call(s) to old-style personList() or as.personList(). Please use c() on person objects instead. Package CITATION file contains call(s) to old-style citEntry(). Please use bibentry() instead. Flavors: r-devel-linux-x86_64-debian-clang, r-devel-linux-x86_64-debian-gcc