Last updated on 2025-07-21 21:51:00 CEST.
Flavor | Version | Tinstall | Tcheck | Ttotal | Status | Flags |
---|---|---|---|---|---|---|
r-devel-linux-x86_64-debian-clang | 1.2-1 | 1.92 | 157.79 | 159.71 | NOTE | |
r-devel-linux-x86_64-debian-gcc | 1.2-1 | 1.40 | 123.51 | 124.91 | NOTE | |
r-devel-linux-x86_64-fedora-clang | 1.2-1 | 272.38 | NOTE | |||
r-devel-linux-x86_64-fedora-gcc | 1.2-1 | 306.42 | NOTE | |||
r-devel-windows-x86_64 | 1.2-1 | 3.00 | 204.00 | 207.00 | NOTE | |
r-patched-linux-x86_64 | 1.2-1 | 1.83 | 171.23 | 173.06 | NOTE | |
r-release-linux-x86_64 | 1.2-1 | 1.64 | 171.00 | 172.64 | NOTE | |
r-release-macos-arm64 | 1.2-1 | 118.00 | NOTE | |||
r-release-macos-x86_64 | 1.2-1 | 215.00 | NOTE | |||
r-release-windows-x86_64 | 1.2-1 | 3.00 | 211.00 | 214.00 | NOTE | |
r-oldrel-macos-arm64 | 1.2-1 | 114.00 | NOTE | |||
r-oldrel-macos-x86_64 | 1.2-1 | 176.00 | NOTE | |||
r-oldrel-windows-x86_64 | 1.2-1 | 4.00 | 242.00 | 246.00 | NOTE |
Version: 1.2-1
Check: Rd files
Result: NOTE
checkRd: (-1) deconv.Rd:85: Lost braces; missing escapes or markup?
85 | \code{tg}, std. error of \eqn{g}, \eqn{G} (the cdf of {g}),
| ^
Flavors: r-devel-linux-x86_64-debian-clang, r-devel-linux-x86_64-debian-gcc, r-devel-linux-x86_64-fedora-clang, r-devel-linux-x86_64-fedora-gcc, r-devel-windows-x86_64, r-patched-linux-x86_64, r-release-linux-x86_64, r-release-macos-arm64, r-release-macos-x86_64, r-release-windows-x86_64, r-oldrel-macos-arm64, r-oldrel-macos-x86_64, r-oldrel-windows-x86_64