Last updated on 2024-06-17 06:50:14 CEST.
Flavor | Version | Tinstall | Tcheck | Ttotal | Status | Flags |
---|---|---|---|---|---|---|
r-devel-linux-x86_64-debian-clang | 0.3.3 | 16.90 | 58.64 | 75.54 | NOTE | |
r-devel-linux-x86_64-debian-gcc | 0.3.3 | 11.11 | 43.96 | 55.07 | NOTE | |
r-devel-linux-x86_64-fedora-clang | 0.3.3 | 100.69 | NOTE | |||
r-devel-linux-x86_64-fedora-gcc | 0.3.3 | 95.63 | NOTE | |||
r-devel-windows-x86_64 | 0.3.3 | 16.00 | 68.00 | 84.00 | NOTE | |
r-patched-linux-x86_64 | 0.3.3 | 12.01 | 56.01 | 68.02 | OK | |
r-release-linux-x86_64 | 0.3.3 | 15.97 | 55.36 | 71.33 | OK | |
r-release-macos-arm64 | 0.3.3 | 32.00 | OK | |||
r-release-macos-x86_64 | 0.3.3 | 41.00 | OK | |||
r-release-windows-x86_64 | 0.3.3 | 18.00 | 70.00 | 88.00 | OK | |
r-oldrel-macos-arm64 | 0.3.3 | 36.00 | OK | |||
r-oldrel-macos-x86_64 | 0.3.3 | 54.00 | OK | |||
r-oldrel-windows-x86_64 | 0.3.3 | 19.00 | 77.00 | 96.00 | OK |
Version: 0.3.3
Check: compiled code
Result: NOTE
File ‘densityClust/libs/densityClust.so’:
Found non-API calls to R: ‘SETLENGTH’, ‘SET_TRUELENGTH’
Compiled code should not call non-API entry points in R.
See ‘Writing portable packages’ in the ‘Writing R Extensions’ manual.
Flavor: r-devel-linux-x86_64-debian-clang
Version: 0.3.3
Check: compiled code
Result: NOTE
File ‘densityClust/libs/densityClust.so’:
Found non-API calls to R: ‘SETLENGTH’, ‘SET_GROWABLE_BIT’,
‘SET_TRUELENGTH’
Compiled code should not call non-API entry points in R.
See ‘Writing portable packages’ in the ‘Writing R Extensions’ manual.
Flavors: r-devel-linux-x86_64-debian-gcc, r-devel-linux-x86_64-fedora-clang, r-devel-linux-x86_64-fedora-gcc
Version: 0.3.3
Check: compiled code
Result: NOTE
File 'densityClust/libs/x64/densityClust.dll':
Found non-API calls to R: 'SETLENGTH', 'SET_GROWABLE_BIT',
'SET_TRUELENGTH'
Compiled code should not call non-API entry points in R.
See 'Writing portable packages' in the 'Writing R Extensions' manual.
Flavor: r-devel-windows-x86_64