CRAN Package Check Results for Package depthTools

Last updated on 2025-11-20 12:49:58 CET.

Flavor Version Tinstall Tcheck Ttotal Status Flags
r-devel-linux-x86_64-debian-clang 0.7 2.06 24.50 26.56 NOTE
r-devel-linux-x86_64-debian-gcc 0.7 1.67 19.86 21.53 NOTE
r-devel-linux-x86_64-fedora-clang 0.7 39.13 OK
r-devel-linux-x86_64-fedora-gcc 0.7 36.85 OK
r-devel-windows-x86_64 0.7 3.00 39.00 42.00 OK
r-patched-linux-x86_64 0.7 2.25 22.71 24.96 OK
r-release-linux-x86_64 0.7 1.67 22.77 24.44 OK
r-release-macos-arm64 0.7 OK
r-release-macos-x86_64 0.7 2.00 23.00 25.00 OK
r-release-windows-x86_64 0.7 3.00 38.00 41.00 OK
r-oldrel-macos-arm64 0.7 OK
r-oldrel-macos-x86_64 0.7 2.00 25.00 27.00 OK
r-oldrel-windows-x86_64 0.7 3.00 40.00 43.00 OK

Check Details

Version: 0.7
Check: CRAN incoming feasibility
Result: NOTE Maintainer: ‘Aurora Torrente <etorrent@est-econ.uc3m.es>’ No Authors@R field in DESCRIPTION. Please add one, modifying Authors@R: c(person(given = "Sara", family = "Lopez-Pintado", role = "aut", email = "sl2929@columbia.edu"), person(given = "Aurora", family = "Torrente.", role = "aut", email = "etorrent@est-econ.uc3m.es"), person(given = "Aurora", family = "Torrente", role = "cre", email = "etorrent@est-econ.uc3m.es")) as necessary. Flavors: r-devel-linux-x86_64-debian-clang, r-devel-linux-x86_64-debian-gcc