CRAN Package Check Results for Package dfmeta

Last updated on 2025-05-03 21:51:15 CEST.

Flavor Version Tinstall Tcheck Ttotal Status Flags
r-devel-linux-x86_64-debian-clang 1.0.0 13.34 99.56 112.90 NOTE
r-devel-linux-x86_64-debian-gcc 1.0.0 8.83 71.75 80.58 NOTE
r-devel-linux-x86_64-fedora-clang 1.0.0 162.41 OK
r-devel-linux-x86_64-fedora-gcc 1.0.0 163.61 OK
r-devel-windows-x86_64 1.0.0 15.00 100.00 115.00 NOTE
r-patched-linux-x86_64 1.0.0 13.02 92.28 105.30 NOTE
r-release-linux-x86_64 NOTE
r-release-macos-arm64 1.0.0 50.00 OK
r-release-macos-x86_64 1.0.0 95.00 OK
r-release-windows-x86_64 1.0.0 13.00 102.00 115.00 NOTE
r-oldrel-macos-arm64 1.0.0 52.00 OK
r-oldrel-macos-x86_64 1.0.0 68.00 OK
r-oldrel-windows-x86_64 1.0.0 17.00 129.00 146.00 OK

Check Details

Version: 1.0.0
Check: CRAN incoming feasibility
Result: NOTE Maintainer: ‘Artemis Toumazi <artemis.toumazi@gmail.com>’ No Authors@R field in DESCRIPTION. Please add one, modifying Authors@R: c(person(given = "Artemis", family = "Toumazi", role = c("aut", "cre"), email = "artemis.toumazi@gmail.com"), person(given = "Sarah", family = "Zohar", role = "aut", email = "sarah.zohar@inserm.fr"), person(given = c("Anand", "N."), family = "Vidyashankar", role = "aut", email = "avidyash@gmu.edu"), person(given = "Jie", family = "Xu", role = "aut", email = "jxu13@gmu.edu"), person(given = "Moreno", family = "Ursino", role = "aut", email = "moreno.ursino@inserm.fr")) as necessary. File 'R/dfmeta-internal.R' sets .Random.seed. This is usually neither needed nor wanted. Flavors: r-devel-linux-x86_64-debian-clang, r-devel-linux-x86_64-debian-gcc

Version: 1.0.0
Check: Rd cross-references
Result: NOTE Found the following Rd file(s) with Rd \link{} targets missing package anchors: MA_estimates.Rd: glmer, lmerControl, glmerControl REMB-class.Rd: glmer glimem.Rd: glmer, lmerControl, glmerControl Please provide package anchors for all Rd \link{} targets not in the package itself and the base packages. Flavors: r-devel-linux-x86_64-debian-clang, r-devel-linux-x86_64-debian-gcc, r-devel-windows-x86_64, r-patched-linux-x86_64, r-release-linux-x86_64, r-release-windows-x86_64