Last updated on 2025-05-03 21:51:15 CEST.
Flavor | Version | Tinstall | Tcheck | Ttotal | Status | Flags |
---|---|---|---|---|---|---|
r-devel-linux-x86_64-debian-clang | 1.1 | 19.37 | 108.48 | 127.85 | NOTE | |
r-devel-linux-x86_64-debian-gcc | 1.1 | 17.17 | 77.22 | 94.39 | NOTE | |
r-devel-linux-x86_64-fedora-clang | 1.1 | 187.83 | OK | |||
r-devel-linux-x86_64-fedora-gcc | 1.1 | 199.19 | OK | |||
r-devel-windows-x86_64 | 1.1 | 16.00 | 116.00 | 132.00 | OK | |
r-patched-linux-x86_64 | 1.1 | 23.09 | 106.10 | 129.19 | OK | |
r-release-linux-x86_64 | OK | |||||
r-release-macos-arm64 | 1.1 | 48.00 | OK | |||
r-release-macos-x86_64 | 1.1 | 90.00 | OK | |||
r-release-windows-x86_64 | 1.1 | 15.00 | 124.00 | 139.00 | OK | |
r-oldrel-macos-arm64 | 1.1 | 48.00 | NOTE | |||
r-oldrel-macos-x86_64 | 1.1 | 69.00 | NOTE | |||
r-oldrel-windows-x86_64 | 1.1 | 22.00 | 139.00 | 161.00 | NOTE |
Version: 1.1
Check: CRAN incoming feasibility
Result: NOTE
Maintainer: ‘Artemis Toumazi <artemis.toumazi@gmail.com>’
No Authors@R field in DESCRIPTION.
Please add one, modifying
Authors@R: c(person(given = "Artemis",
family = "Toumazi",
role = c("aut", "cre"),
email = "artemis.toumazi@gmail.com"),
person(given = "Caroline",
family = "Petit",
role = "aut",
email = "caroline.petit@crc.jussieu.fr"),
person(given = "Sarah",
family = "Zohar",
role = "aut",
email = "sarah.zohar@inserm.fr"))
as necessary.
File 'R/dfped-internal.R' sets .Random.seed.
This is usually neither needed nor wanted.
Flavors: r-devel-linux-x86_64-debian-clang, r-devel-linux-x86_64-debian-gcc
Version: 1.1
Check: LazyData
Result: NOTE
'LazyData' is specified without a 'data' directory
Flavors: r-oldrel-macos-arm64, r-oldrel-macos-x86_64, r-oldrel-windows-x86_64