Last updated on 2025-07-25 06:49:30 CEST.
Flavor | Version | Tinstall | Tcheck | Ttotal | Status | Flags |
---|---|---|---|---|---|---|
r-devel-linux-x86_64-debian-clang | 2.1.0 | 2.07 | 35.48 | 37.55 | OK | |
r-devel-linux-x86_64-debian-gcc | 2.1.0 | 1.70 | 29.51 | 31.21 | OK | |
r-devel-linux-x86_64-fedora-clang | 2.1.0 | 59.52 | OK | |||
r-devel-linux-x86_64-fedora-gcc | 2.1.0 | 72.97 | OK | |||
r-devel-windows-x86_64 | 2.1.0 | 4.00 | 72.00 | 76.00 | OK | |
r-patched-linux-x86_64 | 2.1.0 | 2.16 | 32.29 | 34.45 | OK | |
r-release-linux-x86_64 | 2.1.0 | 2.04 | 32.32 | 34.36 | OK | |
r-release-macos-arm64 | 2.1.0 | 57.00 | OK | |||
r-release-macos-x86_64 | 2.1.0 | 82.00 | OK | |||
r-release-windows-x86_64 | 2.1.0 | 4.00 | 63.00 | 67.00 | OK | |
r-oldrel-macos-arm64 | 2.1.0 | 38.00 | NOTE | |||
r-oldrel-macos-x86_64 | 2.1.0 | 110.00 | NOTE | |||
r-oldrel-windows-x86_64 | 2.1.0 | 4.00 | 70.00 | 74.00 | NOTE |
Version: 2.1.0
Check: installed package size
Result: NOTE
installed size is 10.9Mb
sub-directories of 1Mb or more:
doc 10.8Mb
Flavors: r-oldrel-macos-arm64, r-oldrel-macos-x86_64, r-oldrel-windows-x86_64