Last updated on 2025-05-03 21:51:15 CEST.
Flavor | Version | Tinstall | Tcheck | Ttotal | Status | Flags |
---|---|---|---|---|---|---|
r-devel-linux-x86_64-debian-clang | 0.2.1 | 1.78 | 78.89 | 80.67 | NOTE | |
r-devel-linux-x86_64-debian-gcc | 0.2.1 | 1.69 | 53.23 | 54.92 | NOTE | |
r-devel-linux-x86_64-fedora-clang | 0.2.1 | 141.50 | OK | |||
r-devel-linux-x86_64-fedora-gcc | 0.2.1 | 143.41 | OK | |||
r-devel-windows-x86_64 | 0.2.1 | 4.00 | 91.00 | 95.00 | OK | |
r-patched-linux-x86_64 | 0.2.1 | 2.20 | 73.73 | 75.93 | OK | |
r-release-linux-x86_64 | OK | |||||
r-release-macos-arm64 | 0.2.1 | 51.00 | OK | |||
r-release-macos-x86_64 | 0.2.1 | 99.00 | OK | |||
r-release-windows-x86_64 | 0.2.1 | 4.00 | 94.00 | 98.00 | OK | |
r-oldrel-macos-arm64 | 0.2.1 | 46.00 | OK | |||
r-oldrel-macos-x86_64 | 0.2.1 | 73.00 | OK | |||
r-oldrel-windows-x86_64 | 0.2.1 | 4.00 | 120.00 | 124.00 | OK |
Version: 0.2.1
Check: CRAN incoming feasibility
Result: NOTE
Maintainer: ‘Njål Foldnes <njal.foldnes@gmail.com>’
Package CITATION file contains call(s) to old-style personList() or
as.personList(). Please use c() on person objects instead.
Package CITATION file contains call(s) to old-style citEntry(). Please
use bibentry() instead.
Flavors: r-devel-linux-x86_64-debian-clang, r-devel-linux-x86_64-debian-gcc