Last updated on 2025-05-04 03:50:51 CEST.
Flavor | Version | Tinstall | Tcheck | Ttotal | Status | Flags |
---|---|---|---|---|---|---|
r-devel-linux-x86_64-debian-clang | 1.0.3 | 1.63 | 18.62 | 20.25 | NOTE | |
r-devel-linux-x86_64-debian-gcc | 1.0.3 | 1.35 | 14.94 | 16.29 | NOTE | |
r-devel-linux-x86_64-fedora-clang | 1.0.3 | 31.71 | OK | |||
r-devel-linux-x86_64-fedora-gcc | 1.0.3 | 30.73 | OK | |||
r-devel-windows-x86_64 | 1.0.3 | 3.00 | 39.00 | 42.00 | OK | |
r-patched-linux-x86_64 | 1.0.3 | 1.73 | 18.01 | 19.74 | OK | |
r-release-linux-x86_64 | OK | |||||
r-release-macos-arm64 | 1.0.3 | 17.00 | OK | |||
r-release-macos-x86_64 | 1.0.3 | 22.00 | OK | |||
r-release-windows-x86_64 | 1.0.3 | 3.00 | 41.00 | 44.00 | OK | |
r-oldrel-macos-arm64 | 1.0.3 | 14.00 | NOTE | |||
r-oldrel-macos-x86_64 | 1.0.3 | 21.00 | NOTE | |||
r-oldrel-windows-x86_64 | 1.0.3 | 4.00 | 46.00 | 50.00 | NOTE |
Version: 1.0.3
Check: CRAN incoming feasibility
Result: NOTE
Maintainer: ‘Gábor Csárdi <csardi.gabor@gmail.com>’
No Authors@R field in DESCRIPTION.
Please add one, modifying
Authors@R: person(given = "Gábor",
family = "Csárdi",
role = c("aut", "cre"),
email = "csardi.gabor@gmail.com")
as necessary.
Flavors: r-devel-linux-x86_64-debian-clang, r-devel-linux-x86_64-debian-gcc
Version: 1.0.3
Check: LazyData
Result: NOTE
'LazyData' is specified without a 'data' directory
Flavors: r-oldrel-macos-arm64, r-oldrel-macos-x86_64, r-oldrel-windows-x86_64