Last updated on 2025-05-03 21:51:15 CEST.
Flavor | Version | Tinstall | Tcheck | Ttotal | Status | Flags |
---|---|---|---|---|---|---|
r-devel-linux-x86_64-debian-clang | 0.1-1 | 5.41 | 30.65 | 36.06 | NOTE | |
r-devel-linux-x86_64-debian-gcc | 0.1-1 | 3.45 | 23.19 | 26.64 | NOTE | |
r-devel-linux-x86_64-fedora-clang | 0.1-1 | 56.61 | OK | |||
r-devel-linux-x86_64-fedora-gcc | 0.1-1 | 75.79 | OK | |||
r-devel-windows-x86_64 | 0.1-1 | 6.00 | 49.00 | 55.00 | OK | |
r-patched-linux-x86_64 | 0.1-1 | 5.93 | 30.04 | 35.97 | OK | |
r-release-linux-x86_64 | OK | |||||
r-release-macos-arm64 | 0.1-1 | 33.00 | OK | |||
r-release-macos-x86_64 | 0.1-1 | 52.00 | OK | |||
r-release-windows-x86_64 | 0.1-1 | 7.00 | 48.00 | 55.00 | OK | |
r-oldrel-macos-arm64 | 0.1-1 | 25.00 | OK | |||
r-oldrel-macos-x86_64 | 0.1-1 | 39.00 | OK | |||
r-oldrel-windows-x86_64 | 0.1-1 | 8.00 | 56.00 | 64.00 | OK |
Version: 0.1-1
Check: CRAN incoming feasibility
Result: NOTE
Maintainer: ‘Odile Sauzet <odile.sauzet@uni-bielefeld.de>’
No Authors@R field in DESCRIPTION.
Please add one, modifying
Authors@R: person(given = "Odile",
family = "Sauzet",
role = c("aut", "cre"),
email = "odile.sauzet@uni-bielefeld.de")
as necessary.
The Description field contains
<arXiv:1809.03279> for more information.
Please refer to arXiv e-prints via their arXiv DOI <doi:10.48550/arXiv.YYMM.NNNNN>.
Flavors: r-devel-linux-x86_64-debian-clang, r-devel-linux-x86_64-debian-gcc