CRAN Package Check Results for Package disto

Last updated on 2025-05-03 21:51:15 CEST.

Flavor Version Tinstall Tcheck Ttotal Status Flags
r-devel-linux-x86_64-debian-clang 0.2.0 2.35 36.37 38.72 NOTE
r-devel-linux-x86_64-debian-gcc 0.2.0 1.78 27.48 29.26 NOTE
r-devel-linux-x86_64-fedora-clang 0.2.0 60.61 NOTE
r-devel-linux-x86_64-fedora-gcc 0.2.0 75.93 NOTE
r-devel-windows-x86_64 0.2.0 4.00 71.00 75.00 NOTE
r-patched-linux-x86_64 0.2.0 2.81 35.87 38.68 NOTE
r-release-linux-x86_64 NOTE
r-release-macos-arm64 0.2.0 31.00 NOTE
r-release-macos-x86_64 0.2.0 52.00 NOTE
r-release-windows-x86_64 0.2.0 5.00 72.00 77.00 NOTE
r-oldrel-macos-arm64 0.2.0 29.00 NOTE
r-oldrel-macos-x86_64 0.2.0 41.00 NOTE
r-oldrel-windows-x86_64 0.2.0 6.00 77.00 83.00 NOTE

Check Details

Version: 0.2.0
Check: package subdirectories
Result: NOTE Problems with news in ‘NEWS.md’: No news entries found. Flavors: r-devel-linux-x86_64-debian-clang, r-devel-linux-x86_64-debian-gcc, r-devel-linux-x86_64-fedora-clang, r-devel-linux-x86_64-fedora-gcc, r-devel-windows-x86_64, r-patched-linux-x86_64, r-release-linux-x86_64, r-release-macos-arm64, r-release-macos-x86_64, r-release-windows-x86_64, r-oldrel-macos-arm64, r-oldrel-macos-x86_64, r-oldrel-windows-x86_64

Version: 0.2.0
Check: Rd files
Result: NOTE checkRd: (-1) dapply.Rd:27-30: Lost braces 27 | udf <- function(x){ | ^ Flavors: r-devel-linux-x86_64-debian-clang, r-devel-linux-x86_64-debian-gcc, r-devel-linux-x86_64-fedora-clang, r-devel-linux-x86_64-fedora-gcc, r-devel-windows-x86_64, r-patched-linux-x86_64, r-release-linux-x86_64, r-release-macos-arm64, r-release-macos-x86_64, r-release-windows-x86_64, r-oldrel-macos-arm64, r-oldrel-macos-x86_64, r-oldrel-windows-x86_64

Version: 0.2.0
Check: dependencies in R code
Result: NOTE Namespaces in Imports field not imported from: ‘dplyr’ ‘proxy’ All declared Imports should be used. Flavors: r-devel-linux-x86_64-fedora-clang, r-devel-linux-x86_64-fedora-gcc