Last updated on 2024-06-17 06:50:15 CEST.
Flavor | Version | Tinstall | Tcheck | Ttotal | Status | Flags |
---|---|---|---|---|---|---|
r-devel-linux-x86_64-debian-clang | 2.9.1 | 61.80 | 235.37 | 297.17 | OK | |
r-devel-linux-x86_64-debian-gcc | 2.9.1 | 41.31 | 164.69 | 206.00 | OK | |
r-devel-linux-x86_64-fedora-clang | 2.9.1 | 351.72 | NOTE | |||
r-devel-linux-x86_64-fedora-gcc | 2.9.1 | 346.47 | OK | |||
r-devel-windows-x86_64 | 2.9.1 | 42.00 | 222.00 | 264.00 | OK | |
r-patched-linux-x86_64 | 2.9.1 | 54.99 | 220.61 | 275.60 | OK | |
r-release-linux-x86_64 | 2.9.1 | 47.79 | 218.98 | 266.77 | OK | |
r-release-macos-arm64 | 2.9.1 | 87.00 | OK | |||
r-release-macos-x86_64 | 2.9.1 | 170.00 | OK | |||
r-release-windows-x86_64 | 2.9.1 | 42.00 | 227.00 | 269.00 | OK | |
r-oldrel-macos-arm64 | 2.9.1 | 101.00 | OK | |||
r-oldrel-macos-x86_64 | 2.9.1 | 207.00 | OK | |||
r-oldrel-windows-x86_64 | 2.9.1 | 51.00 | 264.00 | 315.00 | OK |
Version: 2.9.1
Check: Rd cross-references
Result: NOTE
Undeclared package ‘RobAStBase’ in Rd xrefs
Flavor: r-devel-linux-x86_64-fedora-clang