Last updated on 2025-05-03 21:51:15 CEST.
Flavor | Version | Tinstall | Tcheck | Ttotal | Status | Flags |
---|---|---|---|---|---|---|
r-devel-linux-x86_64-debian-clang | 1.1.0 | 7.13 | 66.95 | 74.08 | NOTE | |
r-devel-linux-x86_64-debian-gcc | 1.1.0 | 4.76 | 50.08 | 54.84 | NOTE | |
r-devel-linux-x86_64-fedora-clang | 1.1.0 | 115.86 | NOTE | |||
r-devel-linux-x86_64-fedora-gcc | 1.1.0 | 113.98 | NOTE | |||
r-devel-windows-x86_64 | 1.1.0 | 8.00 | 78.00 | 86.00 | NOTE | |
r-patched-linux-x86_64 | 1.1.0 | 7.52 | 64.15 | 71.67 | NOTE | |
r-release-linux-x86_64 | NOTE | |||||
r-release-macos-arm64 | 1.1.0 | 33.00 | NOTE | |||
r-release-macos-x86_64 | 1.1.0 | 60.00 | NOTE | |||
r-release-windows-x86_64 | 1.1.0 | 8.00 | 78.00 | 86.00 | NOTE | |
r-oldrel-macos-arm64 | 1.1.0 | 32.00 | NOTE | |||
r-oldrel-macos-x86_64 | 1.1.0 | 51.00 | NOTE | |||
r-oldrel-windows-x86_64 | 1.1.0 | 9.00 | 104.00 | 113.00 | NOTE |
Version: 1.1.0
Check: CRAN incoming feasibility
Result: NOTE
Maintainer: ‘Yuan Tang <terrytangyuan@gmail.com>’
No Authors@R field in DESCRIPTION.
Please add one, modifying
Authors@R: c(person(given = "Yuan",
family = "Tang",
role = c("aut", "cre"),
email = "terrytangyuan@gmail.com"),
person(given = "Gao",
family = "Tao",
role = "aut",
email = "joegaotao@gmail.com"),
person(given = "Xiao",
family = "Nan",
role = "aut",
email = "road2stat@gmail.com"))
as necessary.
Flavors: r-devel-linux-x86_64-debian-clang, r-devel-linux-x86_64-debian-gcc
Version: 1.1.0
Check: Rd files
Result: NOTE
checkRd: (-1) dca.Rd:24: Lost braces; missing escapes or markup?
24 | \eqn{neglinks_{ij} = 1} means chunklet \code{i} and chunklet {j}
| ^
checkRd: (-1) dca.Rd:26: Lost braces; missing escapes or markup?
26 | \eqn{neglinks_{ij} = 0} means chunklet \code{i} and chunklet {j}
| ^
checkRd: (-1) rca.Rd:57: Lost braces; missing escapes or markup?
57 | e.g. {1, 3, 7} and {4, 6}, might belong to the
| ^
checkRd: (-1) rca.Rd:57: Lost braces; missing escapes or markup?
57 | e.g. {1, 3, 7} and {4, 6}, might belong to the
| ^
Flavors: r-devel-linux-x86_64-debian-clang, r-devel-linux-x86_64-debian-gcc, r-devel-linux-x86_64-fedora-clang, r-devel-linux-x86_64-fedora-gcc, r-devel-windows-x86_64, r-patched-linux-x86_64, r-release-linux-x86_64, r-release-macos-arm64, r-release-macos-x86_64, r-release-windows-x86_64, r-oldrel-macos-arm64, r-oldrel-macos-x86_64, r-oldrel-windows-x86_64