CRAN Package Check Results for Package docore

Last updated on 2025-05-03 21:51:15 CEST.

Flavor Version Tinstall Tcheck Ttotal Status Flags
r-devel-linux-x86_64-debian-clang 1.0 1.57 22.49 24.06 NOTE
r-devel-linux-x86_64-debian-gcc 1.0 1.57 17.43 19.00 NOTE
r-devel-linux-x86_64-fedora-clang 1.0 38.16 OK
r-devel-linux-x86_64-fedora-gcc 1.0 37.38 OK
r-devel-windows-x86_64 1.0 3.00 58.00 61.00 OK
r-patched-linux-x86_64 1.0 2.07 22.31 24.38 OK
r-release-linux-x86_64 OK
r-release-macos-arm64 1.0 19.00 OK
r-release-macos-x86_64 1.0 28.00 OK
r-release-windows-x86_64 1.0 3.00 44.00 47.00 OK
r-oldrel-macos-arm64 1.0 18.00 OK
r-oldrel-macos-x86_64 1.0 24.00 OK
r-oldrel-windows-x86_64 1.0 4.00 48.00 52.00 OK

Check Details

Version: 1.0
Check: CRAN incoming feasibility
Result: NOTE Maintainer: ‘Danail Obreschkow <danail.obreschkow@gmail.com>’ No Authors@R field in DESCRIPTION. Please add one, modifying Authors@R: person(given = "Danail", family = "Obreschkow", role = c("aut", "cre"), email = "danail.obreschkow@gmail.com") as necessary. Flavors: r-devel-linux-x86_64-debian-clang, r-devel-linux-x86_64-debian-gcc