Last updated on 2025-05-03 21:51:15 CEST.
Flavor | Version | Tinstall | Tcheck | Ttotal | Status | Flags |
---|---|---|---|---|---|---|
r-devel-linux-x86_64-debian-clang | 1.0.0 | 14.60 | 23.77 | 38.37 | NOTE | |
r-devel-linux-x86_64-debian-gcc | 1.0.0 | 11.30 | 19.37 | 30.67 | NOTE | |
r-devel-linux-x86_64-fedora-clang | 1.0.0 | 66.51 | OK | |||
r-devel-linux-x86_64-fedora-gcc | 1.0.0 | 68.30 | OK | |||
r-devel-windows-x86_64 | 1.0.0 | 19.00 | 57.00 | 76.00 | OK | |
r-patched-linux-x86_64 | 1.0.0 | 14.87 | 22.30 | 37.17 | OK | |
r-release-linux-x86_64 | OK | |||||
r-release-macos-arm64 | 1.0.0 | 32.00 | OK | |||
r-release-macos-x86_64 | 1.0.0 | 41.00 | OK | |||
r-release-windows-x86_64 | 1.0.0 | 19.00 | 58.00 | 77.00 | OK | |
r-oldrel-macos-arm64 | 1.0.0 | 23.00 | OK | |||
r-oldrel-macos-x86_64 | 1.0.0 | 29.00 | OK | |||
r-oldrel-windows-x86_64 | 1.0.0 | 17.00 | 67.00 | 84.00 | OK |
Version: 1.0.0
Check: CRAN incoming feasibility
Result: NOTE
Maintainer: ‘Bingyuan Zhang <zhang@sigmath.es.osaka-u.ac.jp>’
No Authors@R field in DESCRIPTION.
Please add one, modifying
Authors@R: c(person(given = "Bingyuan",
family = "Zhang",
role = c("aut", "cre"),
email = "zhang@sigmath.es.osaka-u.ac.jp"),
person(given = "Jie",
family = "Chen",
role = "aut"),
person(given = "Yoshikazu",
family = "Terada",
role = "aut"))
as necessary.
Flavors: r-devel-linux-x86_64-debian-clang, r-devel-linux-x86_64-debian-gcc