Last updated on 2024-06-16 11:57:54 CEST.
Flavor | Version | Tinstall | Tcheck | Ttotal | Status | Flags |
---|---|---|---|---|---|---|
r-devel-linux-x86_64-debian-clang | 0.1.7 | 2.21 | 28.88 | 31.09 | OK | |
r-devel-linux-x86_64-debian-gcc | 0.1.7 | 1.61 | 22.15 | 23.76 | OK | |
r-devel-linux-x86_64-fedora-clang | 0.1.7 | 40.10 | NOTE | |||
r-devel-linux-x86_64-fedora-gcc | 0.1.7 | 50.73 | NOTE | |||
r-devel-windows-x86_64 | 0.1.7 | 3.00 | 44.00 | 47.00 | OK | |
r-patched-linux-x86_64 | 0.1.7 | 2.15 | 28.07 | 30.22 | OK | |
r-release-linux-x86_64 | 0.1.7 | 2.07 | 28.04 | 30.11 | OK | |
r-release-macos-arm64 | 0.1.7 | 24.00 | OK | |||
r-release-macos-x86_64 | 0.1.7 | 40.00 | OK | |||
r-release-windows-x86_64 | 0.1.7 | 4.00 | 46.00 | 50.00 | OK | |
r-oldrel-macos-arm64 | 0.1.7 | 24.00 | OK | |||
r-oldrel-macos-x86_64 | 0.1.7 | 33.00 | OK | |||
r-oldrel-windows-x86_64 | 0.1.7 | 4.00 | 46.00 | 50.00 | OK |
Version: 0.1.7
Check: data for non-ASCII characters
Result: NOTE
Note: found 103 marked UTF-8 strings
Flavors: r-devel-linux-x86_64-fedora-clang, r-devel-linux-x86_64-fedora-gcc