CRAN Package Check Results for Package drclust

Last updated on 2025-10-05 12:48:29 CEST.

Flavor Version Tinstall Tcheck Ttotal Status Flags
r-devel-linux-x86_64-debian-clang 0.1 148.80 92.53 241.33 WARN
r-devel-linux-x86_64-debian-gcc 0.1.1 94.65 65.35 160.00 OK
r-devel-linux-x86_64-fedora-clang 0.1.1 492.89 OK
r-devel-linux-x86_64-fedora-gcc 0.1.1 444.19 OK
r-devel-windows-x86_64 0.1 159.00 119.00 278.00 WARN
r-patched-linux-x86_64 0.1 135.22 85.70 220.92 WARN
r-release-linux-x86_64 0.1.1 150.57 87.06 237.63 OK
r-release-macos-arm64 0.1 85.00 OK
r-release-macos-x86_64 0.1.1 119.00 OK
r-release-windows-x86_64 0.1 149.00 119.00 268.00 WARN
r-oldrel-macos-arm64 0.1 76.00 NOTE
r-oldrel-macos-x86_64 0.1.1 129.00 NOTE
r-oldrel-windows-x86_64 0.1 146.00 156.00 302.00 WARN

Additional issues

rchk

Check Details

Version: 0.1
Check: whether package can be installed
Result: WARN Found the following significant warnings: disfa.cpp:26:36: warning: 'from<double, arma::eOp<arma::Glue<arma::Op<arma::Col<double>, arma::op_htrans>, arma::Col<double>, arma::glue_times>, arma::eop_scalar_div_post>>' is deprecated: replace conv_to<...>::from(X) with as_scalar(X) [-Wdeprecated-declarations] See ‘/home/hornik/tmp/R.check/r-devel-clang/Work/PKGS/drclust.Rcheck/00install.out’ for details. * used C++ compiler: ‘Debian clang version 19.1.7 (3+b2)’ Flavor: r-devel-linux-x86_64-debian-clang

Version: 0.1
Check: whether package can be installed
Result: WARN Found the following significant warnings: disfa.cpp:26:40: warning: 'static out_eT arma::conv_to<out_eT>::from(const arma::Base<eT2, expr>&, const typename arma::arma_not_cx<in_eT>::result*) [with in_eT = double; T1 = arma::eOp<arma::Glue<arma::Op<arma::Col<double>, arma::op_htrans>, arma::Col<double>, arma::glue_times>, arma::eop_scalar_div_post>; out_eT = double; typename arma::arma_not_cx<in_eT>::result = double]' is deprecated: replace conv_to<...>::from(X) with as_scalar(X) [-Wdeprecated-declarations] See 'd:/Rcompile/CRANpkg/local/4.6/drclust.Rcheck/00install.out' for details. * used C++ compiler: 'g++.exe (GCC) 14.2.0' Flavor: r-devel-windows-x86_64

Version: 0.1
Check: whether package can be installed
Result: WARN Found the following significant warnings: disfa.cpp:26:40: warning: ‘static out_eT arma::conv_to<out_eT>::from(const arma::Base<eT2, expr>&, const typename arma::arma_not_cx<in_eT>::result*) [with in_eT = double; T1 = arma::eOp<arma::Glue<arma::Op<arma::Col<double>, arma::op_htrans>, arma::Col<double>, arma::glue_times>, arma::eop_scalar_div_post>; out_eT = double; typename arma::arma_not_cx<in_eT>::result = double]’ is deprecated: replace conv_to<...>::from(X) with as_scalar(X) [-Wdeprecated-declarations] See ‘/home/hornik/tmp/R.check/r-patched-gcc/Work/PKGS/drclust.Rcheck/00install.out’ for details. * used C++ compiler: ‘g++-14 (Debian 14.3.0-8) 14.3.0’ Flavor: r-patched-linux-x86_64

Version: 0.1
Check: whether package can be installed
Result: WARN Found the following significant warnings: disfa.cpp:26:40: warning: 'static out_eT arma::conv_to<out_eT>::from(const arma::Base<eT2, expr>&, const typename arma::arma_not_cx<in_eT>::result*) [with in_eT = double; T1 = arma::eOp<arma::Glue<arma::Op<arma::Col<double>, arma::op_htrans>, arma::Col<double>, arma::glue_times>, arma::eop_scalar_div_post>; out_eT = double; typename arma::arma_not_cx<in_eT>::result = double]' is deprecated: replace conv_to<...>::from(X) with as_scalar(X) [-Wdeprecated-declarations] See 'd:/Rcompile/CRANpkg/local/4.5/drclust.Rcheck/00install.out' for details. * used C++ compiler: 'g++.exe (GCC) 14.2.0' Flavor: r-release-windows-x86_64

Version: 0.1
Check: installed package size
Result: NOTE installed size is 9.4Mb sub-directories of 1Mb or more: libs 9.2Mb Flavor: r-oldrel-macos-arm64

Version: 0.1.1
Check: installed package size
Result: NOTE installed size is 10.2Mb sub-directories of 1Mb or more: libs 10.1Mb Flavor: r-oldrel-macos-x86_64

Version: 0.1
Check: whether package can be installed
Result: WARN Found the following significant warnings: disfa.cpp:26:40: warning: 'static out_eT arma::conv_to<out_eT>::from(const arma::Base<eT2, expr>&, const typename arma::arma_not_cx<in_eT>::result*) [with in_eT = double; T1 = arma::eOp<arma::Glue<arma::Op<arma::Col<double>, arma::op_htrans>, arma::Col<double>, arma::glue_times>, arma::eop_scalar_div_post>; out_eT = double; typename arma::arma_not_cx<in_eT>::result = double]' is deprecated: replace conv_to<...>::from(X) with as_scalar(X) [-Wdeprecated-declarations] See 'd:/Rcompile/CRANpkg/local/4.4/drclust.Rcheck/00install.out' for details. * used C++ compiler: 'g++.exe (GCC) 13.3.0' Flavor: r-oldrel-windows-x86_64