CRAN Package Check Results for Package dstat

Last updated on 2025-05-07 06:49:47 CEST.

Flavor Version Tinstall Tcheck Ttotal Status Flags
r-devel-linux-x86_64-debian-clang 1.0.4 1.91 18.79 20.70 NOTE
r-devel-linux-x86_64-debian-gcc 1.0.4 1.46 15.41 16.87 NOTE
r-devel-linux-x86_64-fedora-clang 1.0.4 31.66 OK
r-devel-linux-x86_64-fedora-gcc 1.0.4 31.61 OK
r-devel-windows-x86_64 1.0.4 3.00 40.00 43.00 OK
r-patched-linux-x86_64 1.0.4 1.60 17.90 19.50 OK
r-release-linux-x86_64 1.0.4 1.74 17.78 19.52 OK
r-release-macos-arm64 1.0.4 20.00 OK
r-release-macos-x86_64 1.0.4 23.00 OK
r-release-windows-x86_64 1.0.4 4.00 44.00 48.00 OK
r-oldrel-macos-arm64 1.0.4 15.00 OK
r-oldrel-macos-x86_64 1.0.4 21.00 OK
r-oldrel-windows-x86_64 1.0.4 2.00 40.00 42.00 OK

Check Details

Version: 1.0.4
Check: CRAN incoming feasibility
Result: NOTE Maintainer: ‘Paul R. Rosenbaum <rosenbaum@wharton.upenn.edu>’ No Authors@R field in DESCRIPTION. Please add one, modifying Authors@R: person(given = c("Paul", "R."), family = "Rosenbaum", role = c("aut", "cre"), email = "rosenbaum@wharton.upenn.edu") as necessary. Flavors: r-devel-linux-x86_64-debian-clang, r-devel-linux-x86_64-debian-gcc