Last updated on 2025-05-06 06:49:53 CEST.
Flavor | Version | Tinstall | Tcheck | Ttotal | Status | Flags |
---|---|---|---|---|---|---|
r-devel-linux-x86_64-debian-clang | 0.1.5 | 3.67 | 32.97 | 36.64 | OK | |
r-devel-linux-x86_64-debian-gcc | 0.1.5 | 2.40 | 25.38 | 27.78 | OK | |
r-devel-linux-x86_64-fedora-clang | 0.1.5 | 55.06 | NOTE | |||
r-devel-linux-x86_64-fedora-gcc | 0.1.5 | 57.94 | NOTE | |||
r-devel-windows-x86_64 | 0.1.5 | 5.00 | 66.00 | 71.00 | OK | |
r-patched-linux-x86_64 | 0.1.5 | 3.17 | 31.73 | 34.90 | OK | |
r-release-linux-x86_64 | 0.1.5 | 2.84 | 32.33 | 35.17 | OK | |
r-release-macos-arm64 | 0.1.5 | 29.00 | OK | |||
r-release-macos-x86_64 | 0.1.5 | 45.00 | OK | |||
r-release-windows-x86_64 | 0.1.5 | 7.00 | 69.00 | 76.00 | OK | |
r-oldrel-macos-arm64 | 0.1.5 | 25.00 | OK | |||
r-oldrel-macos-x86_64 | 0.1.5 | 36.00 | OK | |||
r-oldrel-windows-x86_64 | 0.1.5 | 5.00 | 65.00 | 70.00 | OK |
Version: 0.1.5
Check: compiled code
Result: NOTE
File ‘dualtrees/libs/dualtrees.so’:
Found no calls to: ‘R_registerRoutines’, ‘R_useDynamicSymbols’
It is good practice to register native routines and to disable symbol
search.
See ‘Writing portable packages’ in the ‘Writing R Extensions’ manual.
Flavors: r-devel-linux-x86_64-fedora-clang, r-devel-linux-x86_64-fedora-gcc